Last updated on 2023-09-25 12:01:46 CEST.
Flavor | Version | Tinstall | Tcheck | Ttotal | Status | Flags |
---|---|---|---|---|---|---|
r-devel-linux-x86_64-debian-clang | 0.1-0 | 8.85 | 82.86 | 91.71 | NOTE | |
r-devel-linux-x86_64-debian-gcc | 0.1-0 | 6.65 | 64.34 | 70.99 | NOTE | |
r-devel-linux-x86_64-fedora-clang | 0.1-0 | 113.45 | NOTE | |||
r-devel-linux-x86_64-fedora-gcc | 0.1-0 | 127.97 | NOTE | |||
r-devel-windows-x86_64 | 0.1-0 | 8.00 | 94.00 | 102.00 | NOTE | |
r-patched-linux-x86_64 | 0.1-0 | 8.48 | 79.02 | 87.50 | NOTE | |
r-release-linux-x86_64 | 0.1-0 | 8.73 | 79.21 | 87.94 | NOTE | |
r-release-macos-arm64 | 0.1-0 | 46.00 | NOTE | |||
r-release-macos-x86_64 | 0.1-0 | 62.00 | NOTE | |||
r-release-windows-x86_64 | 0.1-0 | 10.00 | 91.00 | 101.00 | NOTE | |
r-oldrel-macos-arm64 | 0.1-0 | 32.00 | NOTE | |||
r-oldrel-macos-x86_64 | 0.1-0 | 49.00 | NOTE | |||
r-oldrel-windows-x86_64 | 0.1-0 | 10.00 | 96.00 | 106.00 | NOTE |
Version: 0.1-0
Check: LazyData
Result: NOTE
'LazyData' is specified without a 'data' directory
Flavors: r-devel-linux-x86_64-debian-clang, r-devel-linux-x86_64-debian-gcc, r-devel-linux-x86_64-fedora-clang, r-devel-linux-x86_64-fedora-gcc, r-devel-windows-x86_64, r-patched-linux-x86_64, r-release-linux-x86_64, r-release-macos-arm64, r-release-macos-x86_64, r-release-windows-x86_64, r-oldrel-macos-arm64, r-oldrel-macos-x86_64, r-oldrel-windows-x86_64