CRAN Package Check Results for Package PBIR

Last updated on 2022-10-01 11:49:33 CEST.

Flavor Version Tinstall Tcheck Ttotal Status Flags
r-devel-linux-x86_64-debian-clang 0.1-0 8.80 79.40 88.20 NOTE
r-devel-linux-x86_64-debian-gcc 0.1-0 6.02 62.78 68.80 NOTE
r-devel-linux-x86_64-fedora-clang 0.1-0 120.24 NOTE
r-devel-linux-x86_64-fedora-gcc 0.1-0 115.55 NOTE
r-devel-windows-x86_64 0.1-0 11.00 118.00 129.00 NOTE
r-patched-linux-x86_64 0.1-0 6.78 76.62 83.40 NOTE
r-release-linux-x86_64 0.1-0 8.36 76.24 84.60 NOTE
r-release-macos-arm64 0.1-0 32.00 NOTE
r-release-macos-x86_64 0.1-0 49.00 NOTE
r-release-windows-x86_64 0.1-0 9.00 119.00 128.00 NOTE
r-oldrel-macos-arm64 0.1-0 38.00 NOTE
r-oldrel-macos-x86_64 0.1-0 64.00 NOTE
r-oldrel-windows-ix86+x86_64 0.1-0 16.00 121.00 137.00 NOTE

Check Details

Version: 0.1-0
Check: LazyData
Result: NOTE
     'LazyData' is specified without a 'data' directory
Flavors: r-devel-linux-x86_64-debian-clang, r-devel-linux-x86_64-debian-gcc, r-devel-linux-x86_64-fedora-clang, r-devel-linux-x86_64-fedora-gcc, r-devel-windows-x86_64, r-patched-linux-x86_64, r-release-linux-x86_64, r-release-macos-arm64, r-release-macos-x86_64, r-release-windows-x86_64, r-oldrel-macos-arm64, r-oldrel-macos-x86_64, r-oldrel-windows-ix86+x86_64