Last updated on 2022-07-05 17:50:37 CEST.
Flavor | Version | Tinstall | Tcheck | Ttotal | Status | Flags |
---|---|---|---|---|---|---|
r-devel-linux-x86_64-debian-clang | 0.1 | 4.65 | 36.22 | 40.87 | OK | |
r-devel-linux-x86_64-debian-gcc | 0.1 | 3.44 | 28.03 | 31.47 | OK | |
r-devel-linux-x86_64-fedora-clang | 0.1 | 59.47 | NOTE | |||
r-devel-linux-x86_64-fedora-gcc | 0.1 | 58.01 | NOTE | |||
r-devel-windows-x86_64 | 0.1 | 14.00 | 73.00 | 87.00 | OK | |
r-patched-linux-x86_64 | 0.1 | 4.35 | 34.31 | 38.66 | OK | |
r-release-linux-x86_64 | 0.1 | 4.13 | 35.25 | 39.38 | OK | |
r-release-macos-arm64 | 0.1 | 22.00 | OK | |||
r-release-macos-x86_64 | 0.1 | 31.00 | OK | |||
r-release-windows-x86_64 | 0.1 | 13.00 | 72.00 | 85.00 | OK | |
r-oldrel-macos-arm64 | 0.1 | 30.00 | OK | |||
r-oldrel-macos-x86_64 | 0.1 | 40.00 | OK | |||
r-oldrel-windows-ix86+x86_64 | 0.1 | 13.00 | 75.00 | 88.00 | OK |
Version: 0.1
Check: compiled code
Result: NOTE
File ‘PCA4TS/libs/PCA4TS.so’:
Found no calls to: ‘R_registerRoutines’, ‘R_useDynamicSymbols’
It is good practice to register native routines and to disable symbol
search.
See ‘Writing portable packages’ in the ‘Writing R Extensions’ manual.
Flavors: r-devel-linux-x86_64-fedora-clang, r-devel-linux-x86_64-fedora-gcc