CRAN Package Check Results for Package PCICt

Last updated on 2019-08-23 13:46:59 CEST.

Flavor Version Tinstall Tcheck Ttotal Status Flags
r-devel-linux-x86_64-debian-clang 0.5-4.1 4.69 23.09 27.78 OK
r-devel-linux-x86_64-debian-gcc 0.5-4.1 OK
r-devel-linux-x86_64-fedora-clang 0.5-4.1 35.58 NOTE
r-devel-linux-x86_64-fedora-gcc 0.5-4.1 33.14 NOTE
r-devel-windows-ix86+x86_64 0.5-4.1 13.00 63.00 76.00 OK
r-patched-linux-x86_64 0.5-4.1 4.04 23.07 27.11 OK
r-patched-solaris-x86 0.5-4.1 54.80 OK
r-release-linux-x86_64 0.5-4.1 3.76 23.12 26.88 OK
r-release-windows-ix86+x86_64 0.5-4.1 16.00 46.00 62.00 OK
r-release-osx-x86_64 0.5-4.1 OK
r-oldrel-windows-ix86+x86_64 0.5-4.1 8.00 69.00 77.00 OK
r-oldrel-osx-x86_64 0.5-4.1 OK

Additional issues

rchk

Check Details

Version: 0.5-4.1
Check: compiled code
Result: NOTE
    File ‘PCICt/libs/PCICt.so’:
     Found no call to: ‘R_useDynamicSymbols’
    
    It is good practice to register native routines and to disable symbol
    search.
    
    See ‘Writing portable packages’ in the ‘Writing R Extensions’ manual.
Flavors: r-devel-linux-x86_64-fedora-clang, r-devel-linux-x86_64-fedora-gcc