CRAN Package Check Results for Package PCICt

Last updated on 2020-01-21 21:48:03 CET.

Flavor Version Tinstall Tcheck Ttotal Status Flags
r-devel-linux-x86_64-debian-clang 0.5-4.1 4.04 24.67 28.71 OK
r-devel-linux-x86_64-debian-gcc 0.5-4.1 3.44 19.70 23.14 OK
r-devel-linux-x86_64-fedora-clang 0.5-4.1 36.68 NOTE
r-devel-linux-x86_64-fedora-gcc 0.5-4.1 34.73 NOTE
r-devel-windows-ix86+x86_64 0.5-4.1 18.00 61.00 79.00 OK
r-devel-windows-ix86+x86_64-gcc8 0.5-4.1 11.00 49.00 60.00 OK
r-patched-linux-x86_64 0.5-4.1 3.17 22.68 25.85 OK
r-patched-solaris-x86 0.5-4.1 52.30 OK
r-release-linux-x86_64 0.5-4.1 3.42 22.52 25.94 OK
r-release-windows-ix86+x86_64 0.5-4.1 16.00 63.00 79.00 OK
r-release-osx-x86_64 0.5-4.1 OK
r-oldrel-windows-ix86+x86_64 0.5-4.1 8.00 51.00 59.00 OK
r-oldrel-osx-x86_64 0.5-4.1 OK

Additional issues

rchk

Check Details

Version: 0.5-4.1
Check: compiled code
Result: NOTE
    File ‘PCICt/libs/PCICt.so’:
     Found no call to: ‘R_useDynamicSymbols’
    
    It is good practice to register native routines and to disable symbol
    search.
    
    See ‘Writing portable packages’ in the ‘Writing R Extensions’ manual.
Flavors: r-devel-linux-x86_64-fedora-clang, r-devel-linux-x86_64-fedora-gcc