CRAN Package Check Results for Package PCLassoReg

Last updated on 2022-08-18 02:53:25 CEST.

Flavor Version Tinstall Tcheck Ttotal Status Flags
r-devel-linux-x86_64-debian-clang 1.0.0 6.77 111.60 118.37 OK
r-devel-linux-x86_64-debian-gcc 1.0.0 OK
r-devel-linux-x86_64-fedora-clang 1.0.0 151.58 NOTE
r-devel-linux-x86_64-fedora-gcc 1.0.0 151.06 NOTE
r-devel-windows-x86_64 1.0.0 23.00 143.00 166.00 OK
r-patched-linux-x86_64 1.0.0 7.12 108.16 115.28 OK
r-release-linux-x86_64 1.0.0 8.05 108.94 116.99 OK
r-release-macos-arm64 1.0.0 42.00 NOTE
r-release-macos-x86_64 1.0.0 62.00 NOTE
r-release-windows-x86_64 1.0.0 12.00 143.00 155.00 OK
r-oldrel-macos-arm64 1.0.0 45.00 NOTE
r-oldrel-macos-x86_64 1.0.0 62.00 NOTE
r-oldrel-windows-ix86+x86_64 1.0.0 17.00 138.00 155.00 OK

Check Details

Version: 1.0.0
Check: dependencies in R code
Result: NOTE
    Namespace in Imports field not imported from: ‘survival’
     All declared Imports should be used.
Flavors: r-devel-linux-x86_64-fedora-clang, r-devel-linux-x86_64-fedora-gcc, r-release-macos-arm64, r-release-macos-x86_64, r-oldrel-macos-arm64, r-oldrel-macos-x86_64