CRAN Package Check Results for Package PCMRS

Last updated on 2024-03-05 01:55:01 CET.

Flavor Version Tinstall Tcheck Ttotal Status Flags
r-devel-linux-x86_64-debian-clang 0.1-4 49.76 86.64 136.40 NOTE
r-devel-linux-x86_64-debian-gcc 0.1-4 39.11 63.24 102.35 NOTE
r-devel-linux-x86_64-fedora-clang 0.1-4 174.04 NOTE
r-devel-linux-x86_64-fedora-gcc 0.1-4 171.00 NOTE
r-devel-windows-x86_64 0.1-4 38.00 91.00 129.00 NOTE
r-patched-linux-x86_64 0.1-4 53.37 82.58 135.95 NOTE
r-release-linux-x86_64 0.1-4 41.39 83.15 124.54 NOTE
r-release-macos-arm64 0.1-4 55.00 NOTE
r-release-macos-x86_64 0.1-4 88.00 NOTE
r-release-windows-x86_64 0.1-4 47.00 116.00 163.00 NOTE
r-oldrel-macos-arm64 0.1-4 51.00 OK
r-oldrel-windows-x86_64 0.1-4 46.00 115.00 161.00 OK

Check Details

Version: 0.1-4
Check: C++ specification
Result: NOTE Specified C++11: please drop specification unless essential Flavors: r-devel-linux-x86_64-debian-clang, r-devel-linux-x86_64-debian-gcc, r-devel-linux-x86_64-fedora-clang, r-devel-linux-x86_64-fedora-gcc, r-devel-windows-x86_64, r-patched-linux-x86_64, r-release-linux-x86_64, r-release-macos-arm64, r-release-macos-x86_64, r-release-windows-x86_64