CRAN Package Check Results for Package PCRedux

Last updated on 2019-01-24 09:49:46 CET.

Flavor Version Tinstall Tcheck Ttotal Status Flags
r-devel-linux-x86_64-debian-clang 0.2.6-4 12.00 161.91 173.91 OK
r-devel-linux-x86_64-debian-gcc 0.2.6-4 10.94 127.82 138.76 OK
r-devel-linux-x86_64-fedora-clang 0.2.6-4 197.64 NOTE
r-devel-linux-x86_64-fedora-gcc 0.2.6-4 190.37 NOTE
r-devel-windows-ix86+x86_64 0.2.6-4 46.00 268.00 314.00 OK
r-patched-linux-x86_64 0.2.6-4 12.88 154.82 167.70 OK
r-patched-solaris-x86 0.2.6-4 301.60 NOTE
r-release-linux-x86_64 0.2.6-4 10.61 151.93 162.54 OK
r-release-windows-ix86+x86_64 0.2.6-4 28.00 169.00 197.00 OK
r-release-osx-x86_64 0.2.6-4 NOTE
r-oldrel-windows-ix86+x86_64 0.2.6-4 45.00 188.00 233.00 OK
r-oldrel-osx-x86_64 0.2.6-4 NOTE

Check Details

Version: 0.2.6-4
Check: dependencies in R code
Result: NOTE
    Namespace in Imports field not imported from: ‘caret’
     All declared Imports should be used.
Flavors: r-devel-linux-x86_64-fedora-clang, r-devel-linux-x86_64-fedora-gcc, r-patched-solaris-x86, r-release-osx-x86_64, r-oldrel-osx-x86_64