CRAN Package Check Results for Package PCRedux

Last updated on 2018-01-24 07:47:19 CET.

Flavor Version Tinstall Tcheck Ttotal Status Flags
r-devel-linux-x86_64-debian-clang 0.2.5-1 5.67 263.43 269.10 NOTE
r-devel-linux-x86_64-debian-gcc 0.2.5-1 4.71 198.54 203.25 NOTE
r-devel-linux-x86_64-fedora-clang 0.2.5-1 326.65 NOTE
r-devel-linux-x86_64-fedora-gcc 0.2.5-1 322.08 NOTE
r-devel-windows-ix86+x86_64 0.2.5-1 35.00 452.00 487.00 OK
r-patched-linux-x86_64 0.2.5-1 8.19 277.41 285.60 OK
r-patched-solaris-x86 0.2.5-1 422.50 OK
r-release-linux-x86_64 0.2.5-1 9.01 282.91 291.92 OK
r-release-windows-ix86+x86_64 0.2.5-1 19.00 342.00 361.00 OK
r-release-osx-x86_64 0.2.5-1 OK
r-oldrel-windows-ix86+x86_64 0.2.5-1 21.00 308.00 329.00 OK
r-oldrel-osx-x86_64 0.2.5-1 ERROR

Check Details

Version: 0.2.5-1
Check: DESCRIPTION meta-information
Result: NOTE
    Dependence on R version ‘3.3.3’ not with patchlevel 0
Flavors: r-devel-linux-x86_64-debian-clang, r-devel-linux-x86_64-debian-gcc, r-devel-linux-x86_64-fedora-clang, r-devel-linux-x86_64-fedora-gcc

Version: 0.2.5-1
Check: whether package can be installed
Result: ERROR
    Installation failed.
Flavor: r-oldrel-osx-x86_64