CRAN Package Check Results for Package PCRedux

Last updated on 2018-04-25 22:47:08 CEST.

Flavor Version Tinstall Tcheck Ttotal Status Flags
r-devel-linux-x86_64-debian-clang 0.2.5-1 9.10 240.73 249.83 OK
r-devel-linux-x86_64-debian-gcc 0.2.5-1 8.05 185.96 194.01 OK
r-devel-linux-x86_64-fedora-clang 0.2.5-1 307.42 OK
r-devel-linux-x86_64-fedora-gcc 0.2.5-1 302.01 OK
r-devel-windows-ix86+x86_64 0.2.5-1 31.00 344.00 375.00 OK
r-patched-linux-x86_64 0.2.5-1 8.52 239.06 247.58 NOTE
r-patched-solaris-x86 0.2.5-1 379.10 OK
r-release-linux-x86_64 0.2.5-1 9.70 237.81 247.51 NOTE
r-release-windows-ix86+x86_64 0.2.5-1 31.00 344.00 375.00 OK
r-release-osx-x86_64 0.2.5-1 OK
r-oldrel-windows-ix86+x86_64 0.2.5-1 22.00 354.00 376.00 OK
r-oldrel-osx-x86_64 0.2.5-1 OK

Check Details

Version: 0.2.5-1
Check: DESCRIPTION meta-information
Result: NOTE
    Dependence on R version ‘3.3.3’ not with patchlevel 0
Flavors: r-patched-linux-x86_64, r-release-linux-x86_64