CRAN Package Check Results for Package PCRedux

Last updated on 2018-07-19 11:48:48 CEST.

Flavor Version Tinstall Tcheck Ttotal Status Flags
r-devel-linux-x86_64-debian-clang 0.2.6-1 12.93 373.85 386.78 OK
r-devel-linux-x86_64-debian-gcc 0.2.6-1 10.27 351.14 361.41 OK
r-devel-linux-x86_64-fedora-clang 0.2.6-1 521.75 NOTE
r-devel-linux-x86_64-fedora-gcc 0.2.6-1 523.89 NOTE
r-devel-windows-ix86+x86_64 0.2.6-1 27.00 240.00 267.00 NOTE
r-patched-linux-x86_64 0.2.6-1 10.15 425.54 435.69 OK
r-patched-solaris-x86 0.2.6-1 371.20 NOTE
r-release-linux-x86_64 0.2.6-1 11.89 423.09 434.98 OK
r-release-windows-ix86+x86_64 0.2.6-1 36.00 344.00 380.00 NOTE
r-release-osx-x86_64 0.2.6-1 WARN
r-oldrel-windows-ix86+x86_64 0.2.6-1 42.00 367.00 409.00 NOTE
r-oldrel-osx-x86_64 0.2.6-1 WARN

Check Details

Version: 0.2.6-1
Check: installed package size
Result: NOTE
     installed size is 5.5Mb
     sub-directories of 1Mb or more:
     doc 3.9Mb
Flavors: r-devel-linux-x86_64-fedora-clang, r-devel-windows-ix86+x86_64, r-patched-solaris-x86, r-release-windows-ix86+x86_64, r-release-osx-x86_64, r-oldrel-windows-ix86+x86_64, r-oldrel-osx-x86_64

Version: 0.2.6-1
Check: dependencies in R code
Result: NOTE
    Namespace in Imports field not imported from: ‘caret’
     All declared Imports should be used.
Flavors: r-devel-linux-x86_64-fedora-clang, r-devel-linux-x86_64-fedora-gcc, r-patched-solaris-x86, r-release-osx-x86_64, r-oldrel-osx-x86_64

Version: 0.2.6-1
Check: whether package can be installed
Result: WARN
    Found the following significant warnings:
     Warning: 'rgl_init' failed, running with rgl.useNULL = TRUE
Flavors: r-release-osx-x86_64, r-oldrel-osx-x86_64