Last updated on 2022-08-08 01:54:41 CEST.
Flavor | Version | Tinstall | Tcheck | Ttotal | Status | Flags |
---|---|---|---|---|---|---|
r-devel-linux-x86_64-debian-clang | 0.1.0 | 11.39 | 163.77 | 175.16 | OK | |
r-devel-linux-x86_64-debian-gcc | 0.1.0 | 8.45 | 120.74 | 129.19 | OK | |
r-devel-linux-x86_64-fedora-clang | 0.1.0 | 211.83 | NOTE | |||
r-devel-linux-x86_64-fedora-gcc | 0.1.0 | 216.73 | NOTE | |||
r-devel-windows-x86_64 | 0.1.0 | 19.00 | 179.00 | 198.00 | OK | |
r-patched-linux-x86_64 | 0.1.0 | 11.96 | 153.26 | 165.22 | OK | |
r-release-linux-x86_64 | 0.1.0 | 11.48 | 152.79 | 164.27 | OK | |
r-release-macos-arm64 | 0.1.0 | 56.00 | NOTE | |||
r-release-macos-x86_64 | 0.1.0 | 114.00 | NOTE | |||
r-release-windows-x86_64 | 0.1.0 | 17.00 | 178.00 | 195.00 | OK | |
r-oldrel-macos-arm64 | 0.1.0 | 60.00 | NOTE | |||
r-oldrel-macos-x86_64 | 0.1.0 | 97.00 | NOTE | |||
r-oldrel-windows-ix86+x86_64 | 0.1.0 | 24.00 | 190.00 | 214.00 | OK |
Version: 0.1.0
Check: dependencies in R code
Result: NOTE
Namespace in Imports field not imported from: ‘glmnet’
All declared Imports should be used.
Flavors: r-devel-linux-x86_64-fedora-clang, r-devel-linux-x86_64-fedora-gcc, r-release-macos-arm64, r-release-macos-x86_64, r-oldrel-macos-arm64, r-oldrel-macos-x86_64