Last updated on 2023-12-08 08:53:06 CET.
Flavor | Version | Tinstall | Tcheck | Ttotal | Status | Flags |
---|---|---|---|---|---|---|
r-devel-linux-x86_64-debian-clang | 1.2.0 | 15.87 | 168.43 | 184.30 | NOTE | |
r-devel-linux-x86_64-debian-gcc | 1.2.0 | 11.12 | 122.89 | 134.01 | NOTE | |
r-devel-linux-x86_64-fedora-clang | 1.2.0 | 219.98 | OK | |||
r-devel-linux-x86_64-fedora-gcc | 1.2.0 | 210.47 | OK | |||
r-devel-windows-x86_64 | 1.2.0 | 14.00 | 143.00 | 157.00 | OK | |
r-patched-linux-x86_64 | 1.2.0 | 10.61 | 160.80 | 171.41 | OK | |
r-release-linux-x86_64 | 1.2.0 | 10.65 | 157.94 | 168.59 | OK | |
r-release-macos-arm64 | 1.2.0 | 64.00 | OK | |||
r-release-macos-x86_64 | 1.2.0 | 162.00 | OK | |||
r-release-windows-x86_64 | 1.2.0 | 19.00 | 179.00 | 198.00 | OK | |
r-oldrel-macos-arm64 | 1.2.0 | 59.00 | OK | |||
r-oldrel-macos-x86_64 | 1.2.0 | 83.00 | OK | |||
r-oldrel-windows-x86_64 | 1.2.0 | 18.00 | 165.00 | 183.00 | OK |
Version: 1.2.0
Check: Rd files
Result: NOTE
checkRd: (-1) embedded.blocks.Rd:39: Lost braces
39 | \item{miv.threshold}{MIV (marginal information value) entrance threshold applicable only for code{"stepMIV"} method.
| ^
checkRd: (-1) embedded.blocks.Rd:44: Lost braces
44 | \item{m.ch.p.val}{Significance level of p-value for marginal chi-square test applicable only for code{"stepMIV"} method.
| ^
checkRd: (-1) ensemble.blocks.Rd:39: Lost braces
39 | \item{miv.threshold}{MIV (marginal information value) entrance threshold applicable only for code{"stepMIV"} method.
| ^
checkRd: (-1) ensemble.blocks.Rd:44: Lost braces
44 | \item{m.ch.p.val}{Significance level of p-value for marginal chi-square test applicable only for code{"stepMIV"} method.
| ^
checkRd: (-1) staged.blocks.Rd:39: Lost braces
39 | \item{miv.threshold}{MIV (marginal information value) entrance threshold applicable only for code{"stepMIV"} method.
| ^
checkRd: (-1) staged.blocks.Rd:44: Lost braces
44 | \item{m.ch.p.val}{Significance level of p-value for marginal chi-square test applicable only for code{"stepMIV"} method.
| ^
Flavors: r-devel-linux-x86_64-debian-clang, r-devel-linux-x86_64-debian-gcc