CRAN Package Check Results for Package PGRdup

Last updated on 2018-11-13 02:48:47 CET.

Flavor Version Tinstall Tcheck Ttotal Status Flags
r-devel-linux-x86_64-debian-clang 0.2.3.3 7.33 156.91 164.24 OK
r-devel-linux-x86_64-debian-gcc 0.2.3.3 5.82 226.60 232.42 WARN
r-devel-linux-x86_64-fedora-clang 0.2.3.3 141.11 OK
r-devel-linux-x86_64-fedora-gcc 0.2.3.3 131.30 WARN
r-devel-windows-ix86+x86_64 0.2.3.3 14.00 130.00 144.00 OK
r-patched-linux-x86_64 0.2.3.3 5.34 171.87 177.21 WARN
r-patched-solaris-x86 0.2.3.3 165.90 OK
r-release-linux-x86_64 0.2.3.3 6.27 155.71 161.98 WARN
r-release-windows-ix86+x86_64 0.2.3.3 23.00 119.00 142.00 OK
r-release-osx-x86_64 0.2.3.3 OK
r-oldrel-windows-ix86+x86_64 0.2.3.3 18.00 195.00 213.00 OK
r-oldrel-osx-x86_64 0.2.3.3 OK

Check Details

Version: 0.2.3.3
Check: whether package can be installed
Result: WARN
    Found the following significant warnings:
     fdouble_metaphone.c:268:5: warning: ‘strncpy’ specified bound depends on the length of the source argument [-Wstringop-overflow=]
Flavors: r-devel-linux-x86_64-debian-gcc, r-devel-linux-x86_64-fedora-gcc, r-patched-linux-x86_64, r-release-linux-x86_64