CRAN Package Check Results for Package PGRdup

Last updated on 2019-02-18 05:49:31 CET.

Flavor Version Tinstall Tcheck Ttotal Status Flags
r-devel-linux-x86_64-debian-clang 0.2.3.3 8.14 166.81 174.95 OK
r-devel-linux-x86_64-debian-gcc 0.2.3.3 5.57 372.11 377.68 WARN
r-devel-linux-x86_64-fedora-clang 0.2.3.3 146.26 OK
r-devel-linux-x86_64-fedora-gcc 0.2.3.3 131.01 WARN
r-devel-windows-ix86+x86_64 0.2.3.3 23.00 127.00 150.00 OK
r-patched-linux-x86_64 0.2.3.3 6.18 190.99 197.17 WARN
r-patched-solaris-x86 0.2.3.3 177.70 OK
r-release-linux-x86_64 0.2.3.3 WARN
r-release-windows-ix86+x86_64 0.2.3.3 14.00 123.00 137.00 WARN
r-release-osx-x86_64 0.2.3.3 OK
r-oldrel-windows-ix86+x86_64 0.2.3.3 19.00 144.00 163.00 OK
r-oldrel-osx-x86_64 0.2.3.3 OK

Check Details

Version: 0.2.3.3
Check: whether package can be installed
Result: WARN
    Found the following significant warnings:
     fdouble_metaphone.c:268:5: warning: ‘strncpy’ specified bound depends on the length of the source argument [-Wstringop-overflow=]
Flavors: r-devel-linux-x86_64-debian-gcc, r-devel-linux-x86_64-fedora-gcc, r-patched-linux-x86_64, r-release-linux-x86_64

Version: 0.2.3.3
Check: whether package can be installed
Result: WARN
    Found the following significant warnings:
     Warning: S3 methods '[.fun_list', '[.grouped_df', 'all.equal.tbl_df', 'anti_join.data.frame', 'anti_join.tbl_df', 'arrange.data.frame', 'arrange.default', 'arrange.grouped_df', 'arrange.tbl_df', 'arrange_.data.frame', 'arrange_.tbl_df', 'as.data.frame.grouped_df', 'as.data.frame.rowwise_df', 'as.data.frame.tbl_cube', 'as.table.tbl_cube', 'as.tbl.data.frame', 'as.tbl.tbl', 'as.tbl_cube.array', 'as.tbl_cube.data.frame', 'as.tbl_cube.matrix', 'as.tbl_cube.table', 'as_tibble.grouped_df', 'as_tibble.tbl_cube', 'auto_copy.tbl_cube', 'auto_copy.tbl_df', 'cbind.grouped_df', 'collapse.data.frame', 'collect.data.frame', 'common_by.NULL', 'common_by.character', 'common_by.default', 'common_by.list', 'compute.data.frame', 'copy_to.DBIConnection', 'copy_to.src_local', 'default_missing.data.frame', 'default_missing.default', 'dim.tbl_cube', 'distinct.data.frame', 'distinct.default', 'distinct.grouped_df', 'distinct.tbl_df', 'distinct_.data.frame', 'distinct_.grouped_df', 'distinct_.tbl_df', 'do.NULL', 'do.da [... truncated]
Flavor: r-release-windows-ix86+x86_64