CRAN Package Check Results for Package PHSMM

Last updated on 2021-05-10 01:46:55 CEST.

Flavor Version Tinstall Tcheck Ttotal Status Flags
r-devel-linux-x86_64-debian-clang 1.0 30.61 30.67 61.28 OK
r-devel-linux-x86_64-debian-gcc 1.0 21.10 24.23 45.33 OK
r-devel-linux-x86_64-fedora-clang 1.0 92.95 OK
r-devel-linux-x86_64-fedora-gcc 1.0 79.00 OK
r-devel-windows-ix86+x86_64 1.0 59.00 10.00 69.00 ERROR
r-devel-windows-x86_64-gcc10-UCRT 1.0 OK
r-patched-linux-x86_64 1.0 24.48 30.39 54.87 OK
r-patched-solaris-x86 1.0 92.50 OK
r-release-linux-x86_64 1.0 24.70 29.31 54.01 OK
r-release-macos-x86_64 1.0 OK
r-release-windows-ix86+x86_64 1.0 53.00 59.00 112.00 OK
r-oldrel-macos-x86_64 1.0 ERROR

Check Details

Version: 1.0
Check: whether package can be installed
Result: ERROR
    Installation failed.
Flavors: r-devel-windows-ix86+x86_64, r-oldrel-macos-x86_64