CRAN Package Check Results for Package PINSPlus

Last updated on 2024-02-21 15:50:54 CET.

Flavor Version Tinstall Tcheck Ttotal Status Flags
r-devel-linux-x86_64-debian-clang 2.0.6 NOTE
r-devel-linux-x86_64-debian-gcc 2.0.6 28.49 65.53 94.02 NOTE
r-devel-linux-x86_64-fedora-clang 2.0.6 162.20 NOTE
r-devel-linux-x86_64-fedora-gcc 2.0.6 170.10 NOTE
r-devel-windows-x86_64 2.0.6 34.00 96.00 130.00 NOTE
r-patched-linux-x86_64 2.0.6 35.93 82.00 117.93 NOTE
r-release-linux-x86_64 2.0.6 38.81 83.60 122.41 NOTE
r-release-macos-arm64 2.0.6 55.00 NOTE
r-release-macos-x86_64 2.0.6 87.00 NOTE
r-release-windows-x86_64 2.0.6 43.00 117.00 160.00 NOTE
r-oldrel-macos-arm64 2.0.6 43.00 OK
r-oldrel-windows-x86_64 2.0.6 41.00 114.00 155.00 OK

Check Details

Version: 2.0.6
Check: C++ specification
Result: NOTE Specified C++11: please drop specification unless essential Flavors: r-devel-linux-x86_64-debian-clang, r-devel-linux-x86_64-debian-gcc, r-devel-linux-x86_64-fedora-clang, r-devel-linux-x86_64-fedora-gcc, r-devel-windows-x86_64, r-patched-linux-x86_64, r-release-linux-x86_64, r-release-macos-arm64, r-release-macos-x86_64, r-release-windows-x86_64