CRAN Package Check Results for Package PKPDmisc

Last updated on 2018-05-26 07:50:17 CEST.

Flavor Version Tinstall Tcheck Ttotal Status Flags
r-devel-linux-x86_64-debian-clang 2.1.1 65.86 58.48 124.34 OK
r-devel-linux-x86_64-debian-gcc 2.1.1 51.23 46.20 97.43 OK
r-devel-linux-x86_64-fedora-clang 2.1.1 162.96 NOTE
r-devel-linux-x86_64-fedora-gcc 2.1.1 141.21 NOTE
r-devel-windows-ix86+x86_64 2.1.1 119.00 100.00 219.00 OK
r-patched-linux-x86_64 2.1.1 59.08 56.52 115.60 OK
r-patched-solaris-x86 2.1.1 154.90 NOTE
r-release-linux-x86_64 2.1.1 66.22 55.57 121.79 OK
r-release-windows-ix86+x86_64 2.1.1 155.00 107.00 262.00 OK
r-release-osx-x86_64 2.1.1 NOTE
r-oldrel-windows-ix86+x86_64 2.1.1 157.00 99.00 256.00 OK
r-oldrel-osx-x86_64 2.1.1 NOTE

Check Details

Version: 2.1.1
Check: dependencies in R code
Result: NOTE
    Namespace in Imports field not imported from: ‘purrr’
     All declared Imports should be used.
Flavors: r-devel-linux-x86_64-fedora-clang, r-devel-linux-x86_64-fedora-gcc, r-patched-solaris-x86, r-release-osx-x86_64, r-oldrel-osx-x86_64