CRAN Package Check Results for Package PKPDmisc

Last updated on 2019-02-19 22:51:41 CET.

Flavor Version Tinstall Tcheck Ttotal Status Flags
r-devel-linux-x86_64-debian-clang 2.1.1 63.81 61.21 125.02 OK
r-devel-linux-x86_64-debian-gcc 2.1.1 46.54 47.31 93.85 OK
r-devel-linux-x86_64-fedora-clang 2.1.1 181.73 NOTE
r-devel-linux-x86_64-fedora-gcc 2.1.1 158.79 NOTE
r-devel-windows-ix86+x86_64 2.1.1 173.00 148.00 321.00 OK
r-patched-linux-x86_64 2.1.1 56.80 55.28 112.08 OK
r-patched-solaris-x86 2.1.1 167.70 NOTE
r-release-linux-x86_64 2.1.1 53.72 55.58 109.30 OK
r-release-windows-ix86+x86_64 2.1.1 106.00 153.00 259.00 OK
r-release-osx-x86_64 2.1.1 NOTE
r-oldrel-windows-ix86+x86_64 2.1.1 118.00 111.00 229.00 OK
r-oldrel-osx-x86_64 2.1.1 NOTE

Check Details

Version: 2.1.1
Check: dependencies in R code
Result: NOTE
    Namespace in Imports field not imported from: ‘purrr’
     All declared Imports should be used.
Flavors: r-devel-linux-x86_64-fedora-clang, r-devel-linux-x86_64-fedora-gcc, r-patched-solaris-x86, r-release-osx-x86_64, r-oldrel-osx-x86_64