CRAN Package Check Results for Package PKPDmisc

Last updated on 2018-11-15 15:48:35 CET.

Flavor Version Tinstall Tcheck Ttotal Status Flags
r-devel-linux-x86_64-debian-clang 2.1.1 63.62 58.84 122.46 OK
r-devel-linux-x86_64-debian-gcc 2.1.1 54.14 46.64 100.78 OK
r-devel-linux-x86_64-fedora-clang 2.1.1 177.16 NOTE
r-devel-linux-x86_64-fedora-gcc 2.1.1 154.08 NOTE
r-devel-windows-ix86+x86_64 2.1.1 102.00 107.00 209.00 OK
r-patched-linux-x86_64 2.1.1 71.11 56.14 127.25 OK
r-patched-solaris-x86 2.1.1 163.70 NOTE
r-release-linux-x86_64 2.1.1 67.92 54.77 122.69 OK
r-release-windows-ix86+x86_64 2.1.1 155.00 128.00 283.00 OK
r-release-osx-x86_64 2.1.1 NOTE
r-oldrel-windows-ix86+x86_64 2.1.1 153.00 154.00 307.00 OK
r-oldrel-osx-x86_64 2.1.1 NOTE

Check Details

Version: 2.1.1
Check: dependencies in R code
Result: NOTE
    Namespace in Imports field not imported from: ‘purrr’
     All declared Imports should be used.
Flavors: r-devel-linux-x86_64-fedora-clang, r-devel-linux-x86_64-fedora-gcc, r-patched-solaris-x86, r-release-osx-x86_64, r-oldrel-osx-x86_64