CRAN Package Check Results for Package PKPDmisc

Last updated on 2018-08-19 20:50:21 CEST.

Flavor Version Tinstall Tcheck Ttotal Status Flags
r-devel-linux-x86_64-debian-clang 2.1.1 62.44 57.98 120.42 OK
r-devel-linux-x86_64-debian-gcc 2.1.1 49.50 45.25 94.75 OK
r-devel-linux-x86_64-fedora-clang 2.1.1 168.98 NOTE
r-devel-linux-x86_64-fedora-gcc 2.1.1 154.86 NOTE
r-devel-windows-ix86+x86_64 2.1.1 153.00 123.00 276.00 OK
r-patched-linux-x86_64 2.1.1 72.80 54.17 126.97 OK
r-patched-solaris-x86 2.1.1 156.40 NOTE
r-release-linux-x86_64 2.1.1 68.84 53.93 122.77 OK
r-release-windows-ix86+x86_64 2.1.1 166.00 119.00 285.00 OK
r-release-osx-x86_64 2.1.1 NOTE
r-oldrel-windows-ix86+x86_64 2.1.1 117.00 106.00 223.00 OK
r-oldrel-osx-x86_64 2.1.1 NOTE

Check Details

Version: 2.1.1
Check: dependencies in R code
Result: NOTE
    Namespace in Imports field not imported from: ‘purrr’
     All declared Imports should be used.
Flavors: r-devel-linux-x86_64-fedora-clang, r-devel-linux-x86_64-fedora-gcc, r-patched-solaris-x86, r-release-osx-x86_64, r-oldrel-osx-x86_64