CRAN Package Check Results for Package PLMIX

Last updated on 2022-12-10 03:57:37 CET.

Flavor Version Tinstall Tcheck Ttotal Status Flags
r-devel-linux-x86_64-debian-clang 2.1.1 186.93 169.81 356.74 OK
r-devel-linux-x86_64-debian-gcc 2.1.1 128.30 126.55 254.85 OK
r-devel-linux-x86_64-fedora-clang 2.1.1 549.09 NOTE
r-devel-linux-x86_64-fedora-gcc 2.1.1 439.89 NOTE
r-devel-windows-x86_64 2.1.1 319.00 239.00 558.00 OK
r-patched-linux-x86_64 2.1.1 112.75 149.27 262.02 OK
r-release-linux-x86_64 2.1.1 143.06 154.44 297.50 OK
r-release-macos-arm64 2.1.1 104.00 NOTE
r-release-macos-x86_64 2.1.1 176.00 NOTE
r-release-windows-x86_64 2.1.1 165.00 228.00 393.00 OK
r-oldrel-macos-arm64 2.1.1 113.00 NOTE
r-oldrel-macos-x86_64 2.1.1 142.00 NOTE
r-oldrel-windows-ix86+x86_64 2.1.1 430.00 292.00 722.00 OK

Check Details

Version: 2.1.1
Check: dependencies in R code
Result: NOTE
    Namespaces in Imports field not imported from:
     ‘PlackettLuce’ ‘StatRank’ ‘pmr’ ‘prefmod’ ‘rankdist’
     All declared Imports should be used.
Flavors: r-devel-linux-x86_64-fedora-clang, r-devel-linux-x86_64-fedora-gcc, r-release-macos-arm64, r-release-macos-x86_64, r-oldrel-macos-arm64, r-oldrel-macos-x86_64