Last updated on 2022-06-26 00:51:44 CEST.
Flavor | Version | Tinstall | Tcheck | Ttotal | Status | Flags |
---|---|---|---|---|---|---|
r-devel-linux-x86_64-debian-clang | 0.11.6 | 176.55 | 311.81 | 488.36 | OK | |
r-devel-linux-x86_64-debian-gcc | 0.11.6 | 151.33 | 224.80 | 376.13 | OK | |
r-devel-linux-x86_64-fedora-clang | 0.11.6 | 649.91 | NOTE | |||
r-devel-linux-x86_64-fedora-gcc | 0.11.6 | 661.06 | OK | |||
r-devel-windows-x86_64 | 0.11.6 | 184.00 | 378.00 | 562.00 | OK | |
r-patched-linux-x86_64 | 0.11.6 | 156.84 | 286.82 | 443.66 | OK | |
r-release-linux-x86_64 | 0.11.6 | 147.69 | 290.19 | 437.88 | OK | |
r-release-macos-arm64 | 0.11.6 | 168.00 | NOTE | |||
r-release-macos-x86_64 | 0.11.6 | 270.00 | NOTE | |||
r-release-windows-x86_64 | 0.11.6 | 184.00 | 365.00 | 549.00 | OK | |
r-oldrel-macos-arm64 | 0.11.6 | 125.00 | NOTE | |||
r-oldrel-macos-x86_64 | 0.11.6 | 220.00 | NOTE | |||
r-oldrel-windows-ix86+x86_64 | 0.11.6 | 420.00 | 567.00 | 987.00 | NOTE |
Version: 0.11.6
Check: installed package size
Result: NOTE
installed size is 11.3Mb
sub-directories of 1Mb or more:
doc 2.1Mb
libs 8.1Mb
Flavors: r-devel-linux-x86_64-fedora-clang, r-release-macos-arm64, r-release-macos-x86_64, r-oldrel-macos-arm64, r-oldrel-macos-x86_64, r-oldrel-windows-ix86+x86_64
Version: 0.11.6
Check: package dependencies
Result: NOTE
Packages suggested but not available for checking:
'biomformat', 'phyloseq', 'Wrench'
Flavor: r-release-macos-arm64
Version: 0.11.6
Check: Rd cross-references
Result: NOTE
Package unavailable to check Rd xrefs: ‘Wrench’
Flavor: r-release-macos-arm64