CRAN Package Check Results for Package PLordprob

Last updated on 2018-04-27 04:50:55 CEST.

Flavor Version Tinstall Tcheck Ttotal Status Flags
r-devel-linux-x86_64-debian-clang 1.0 2.57 15.42 17.99 NOTE
r-devel-linux-x86_64-debian-gcc 1.0 2.05 13.61 15.66 WARN
r-devel-linux-x86_64-fedora-clang 1.0 23.38 NOTE
r-devel-linux-x86_64-fedora-gcc 1.0 23.06 WARN
r-devel-windows-ix86+x86_64 1.0 14.00 39.00 53.00 WARN
r-patched-linux-x86_64 1.0 2.69 16.49 19.18 WARN
r-patched-solaris-x86 1.0 37.60 OK
r-release-linux-x86_64 1.0 2.86 16.72 19.58 WARN
r-release-windows-ix86+x86_64 1.0 14.00 39.00 53.00 WARN
r-release-osx-x86_64 1.0 OK
r-oldrel-windows-ix86+x86_64 1.0 11.00 30.00 41.00 OK
r-oldrel-osx-x86_64 1.0 OK

Check Details

Version: 1.0
Check: compiled code
Result: NOTE
    File ‘PLordprob/libs/PLordprob.so’:
     Found no calls to: ‘R_registerRoutines’, ‘R_useDynamicSymbols’
    
    It is good practice to register native routines and to disable symbol
    search.
    
    See ‘Writing portable packages’ in the ‘Writing R Extensions’ manual.
Flavors: r-devel-linux-x86_64-debian-clang, r-devel-linux-x86_64-debian-gcc, r-devel-linux-x86_64-fedora-clang, r-devel-linux-x86_64-fedora-gcc, r-patched-linux-x86_64, r-release-linux-x86_64

Version: 1.0
Check: whether package can be installed
Result: WARN
    Found the following significant warnings:
     cat_pair.c:64:17: warning: suggest parentheses around comparison in operand of ‘&’ [-Wparentheses]
     cat_pair.c:79:17: warning: suggest parentheses around comparison in operand of ‘&’ [-Wparentheses]
Flavors: r-devel-linux-x86_64-debian-gcc, r-devel-linux-x86_64-fedora-gcc, r-devel-windows-ix86+x86_64, r-patched-linux-x86_64, r-release-linux-x86_64, r-release-windows-ix86+x86_64