CRAN Package Check Results for Package PLordprob

Last updated on 2018-01-21 12:48:47 CET.

Flavor Version Tinstall Tcheck Ttotal Status Flags
r-devel-linux-x86_64-debian-clang 1.0 2.35 17.45 19.80 NOTE
r-devel-linux-x86_64-debian-gcc 1.0 2.08 13.87 15.95 NOTE
r-devel-linux-x86_64-fedora-clang 1.0 23.89 NOTE
r-devel-linux-x86_64-fedora-gcc 1.0 24.02 NOTE
r-devel-windows-ix86+x86_64 1.0 14.00 37.00 51.00 OK
r-patched-linux-x86_64 1.0 2.56 15.74 18.30 NOTE
r-patched-solaris-x86 1.0 34.20 OK
r-release-linux-x86_64 1.0 2.36 15.75 18.11 NOTE
r-release-windows-ix86+x86_64 1.0 11.00 30.00 41.00 OK
r-release-osx-x86_64 1.0 OK
r-oldrel-windows-ix86+x86_64 1.0 8.00 27.00 35.00 OK
r-oldrel-osx-x86_64 1.0 OK

Check Details

Version: 1.0
Check: compiled code
Result: NOTE
    File ‘PLordprob/libs/PLordprob.so’:
     Found no calls to: ‘R_registerRoutines’, ‘R_useDynamicSymbols’
    
    It is good practice to register native routines and to disable symbol
    search.
    
    See ‘Writing portable packages’ in the ‘Writing R Extensions’ manual.
Flavors: r-devel-linux-x86_64-debian-clang, r-devel-linux-x86_64-debian-gcc, r-devel-linux-x86_64-fedora-clang, r-devel-linux-x86_64-fedora-gcc, r-patched-linux-x86_64, r-release-linux-x86_64