CRAN Package Check Results for Package PMAPscore

Last updated on 2022-08-15 13:52:07 CEST.

Flavor Version Tinstall Tcheck Ttotal Status Flags
r-devel-linux-x86_64-debian-clang 0.1.1 39.35 396.45 435.80 OK
r-devel-linux-x86_64-debian-gcc 0.1.1 32.32 291.95 324.27 OK
r-devel-linux-x86_64-fedora-clang 0.1.1 526.32 NOTE
r-devel-linux-x86_64-fedora-gcc 0.1.1 536.93 NOTE
r-devel-windows-x86_64 0.1.1 50.00 389.00 439.00 OK
r-patched-linux-x86_64 0.1.1 38.64 365.27 403.91 OK
r-release-linux-x86_64 0.1.1 34.53 365.25 399.78 OK
r-release-macos-arm64 0.1.1 135.00 NOTE
r-release-macos-x86_64 0.1.1 239.00 NOTE
r-release-windows-x86_64 0.1.1 64.00 389.00 453.00 OK
r-oldrel-macos-arm64 0.1.1 96.00 NOTE
r-oldrel-macos-x86_64 0.1.1 186.00 NOTE
r-oldrel-windows-ix86+x86_64 0.1.1 87.00 391.00 478.00 OK

Check Details

Version: 0.1.1
Check: dependencies in R code
Result: NOTE
    Namespaces in Imports field not imported from:
     ‘base’ ‘grDevices’
     All declared Imports should be used.
Flavors: r-devel-linux-x86_64-fedora-clang, r-devel-linux-x86_64-fedora-gcc, r-release-macos-arm64, r-release-macos-x86_64, r-oldrel-macos-arm64, r-oldrel-macos-x86_64