Last updated on 2023-09-30 16:57:05 CEST.
Flavor | Version | Tinstall | Tcheck | Ttotal | Status | Flags |
---|---|---|---|---|---|---|
r-devel-linux-x86_64-debian-clang | 0.19-1 | 12.12 | 115.19 | 127.31 | NOTE | |
r-devel-linux-x86_64-debian-gcc | 0.19-1 | 8.57 | 88.16 | 96.73 | NOTE | |
r-devel-linux-x86_64-fedora-clang | 0.19-1 | 164.53 | NOTE | |||
r-devel-linux-x86_64-fedora-gcc | 0.19-1 | 166.59 | NOTE | |||
r-devel-windows-x86_64 | 0.19-1 | 11.00 | 170.00 | 181.00 | NOTE | |
r-patched-linux-x86_64 | 0.19-1 | 12.08 | 112.89 | 124.97 | OK | |
r-release-linux-x86_64 | 0.19-1 | 11.97 | 113.18 | 125.15 | OK | |
r-release-macos-arm64 | 0.19-1 | 80.00 | OK | |||
r-release-macos-x86_64 | 0.19-1 | 137.00 | OK | |||
r-release-windows-x86_64 | 0.19-1 | 15.00 | 174.00 | 189.00 | OK | |
r-oldrel-macos-arm64 | 0.19-1 | 68.00 | OK | |||
r-oldrel-macos-x86_64 | 0.19-1 | 69.00 | OK | |||
r-oldrel-windows-x86_64 | 0.19-1 | 15.00 | 174.00 | 189.00 | OK |
Version: 0.19-1
Check: Rd \usage sections
Result: NOTE
Objects in \usage without \alias in documentation object 'PMwR-internal':
‘.timestamp<-’
Functions with \usage entries need to have the appropriate \alias
entries, and all their arguments documented.
The \usage entries must correspond to syntactically valid R code.
See chapter ‘Writing R documentation files’ in the ‘Writing R
Extensions’ manual.
Flavors: r-devel-linux-x86_64-debian-clang, r-devel-linux-x86_64-debian-gcc, r-devel-linux-x86_64-fedora-clang, r-devel-linux-x86_64-fedora-gcc, r-devel-windows-x86_64