CRAN Package Check Results for Package POSetR

Last updated on 2022-12-01 06:52:52 CET.

Flavor Version Tinstall Tcheck Ttotal Status Flags
r-devel-linux-x86_64-debian-clang 1.1.0 217.77 41.09 258.86 OK
r-devel-linux-x86_64-debian-gcc 1.1.0 177.64 31.29 208.93 OK
r-devel-linux-x86_64-fedora-clang 1.1.0 391.38 NOTE
r-devel-linux-x86_64-fedora-gcc 1.1.0 363.64 NOTE
r-devel-windows-x86_64 1.1.0 262.00 96.00 358.00 OK
r-patched-linux-x86_64 1.1.0 192.15 39.77 231.92 OK
r-release-linux-x86_64 1.1.0 195.29 40.76 236.05 OK
r-release-macos-arm64 1.1.0 111.00 NOTE
r-release-macos-x86_64 1.1.0 106.00 NOTE
r-release-windows-x86_64 1.1.0 170.00 96.00 266.00 OK
r-oldrel-macos-arm64 1.1.0 105.00 NOTE
r-oldrel-macos-x86_64 1.1.0 105.00 NOTE
r-oldrel-windows-ix86+x86_64 1.1.0 535.00 100.00 635.00 OK

Check Details

Version: 1.1.0
Check: dependencies in R code
Result: NOTE
    Namespace in Imports field not imported from: ‘Rdpack’
     All declared Imports should be used.
Flavors: r-devel-linux-x86_64-fedora-clang, r-devel-linux-x86_64-fedora-gcc, r-release-macos-arm64, r-release-macos-x86_64, r-oldrel-macos-arm64, r-oldrel-macos-x86_64

Version: 1.1.0
Check: installed package size
Result: NOTE
     installed size is 14.3Mb
     sub-directories of 1Mb or more:
     libs 14.2Mb
Flavors: r-release-macos-arm64, r-release-macos-x86_64, r-oldrel-macos-arm64, r-oldrel-macos-x86_64