CRAN Package Check Results for Package POUMM

Last updated on 2021-01-23 23:47:23 CET.

Flavor Version Tinstall Tcheck Ttotal Status Flags
r-devel-linux-x86_64-debian-clang 2.1.7 43.49 260.02 303.51 OK
r-devel-linux-x86_64-debian-gcc 2.1.7 37.04 188.96 226.00 OK
r-devel-linux-x86_64-fedora-clang 2.1.7 362.11 NOTE
r-devel-linux-x86_64-fedora-gcc 2.1.7 359.28 OK
r-devel-windows-ix86+x86_64 2.1.7 93.00 411.00 504.00 OK
r-patched-linux-x86_64 2.1.7 44.45 236.02 280.47 OK
r-patched-solaris-x86 2.1.7 435.60 OK
r-release-linux-x86_64 2.1.7 43.56 239.62 283.18 OK
r-release-macos-x86_64 2.1.7 NOTE
r-release-windows-ix86+x86_64 2.1.7 88.00 420.00 508.00 OK
r-oldrel-macos-x86_64 2.1.7 NOTE
r-oldrel-windows-ix86+x86_64 2.1.7 75.00 394.00 469.00 OK

Check Details

Version: 2.1.7
Check: installed package size
Result: NOTE
     installed size is 7.2Mb
     sub-directories of 1Mb or more:
     libs 6.4Mb
Flavors: r-devel-linux-x86_64-fedora-clang, r-release-macos-x86_64, r-oldrel-macos-x86_64