Last updated on 2023-06-09 13:54:39 CEST.
Flavor | Version | Tinstall | Tcheck | Ttotal | Status | Flags |
---|---|---|---|---|---|---|
r-devel-linux-x86_64-debian-clang | 0.3.8 | 251.53 | 32.52 | 284.05 | NOTE | |
r-devel-linux-x86_64-debian-gcc | 0.3.8 | 191.53 | 25.40 | 216.93 | NOTE | |
r-devel-linux-x86_64-fedora-clang | 0.3.8 | 489.93 | NOTE | |||
r-devel-linux-x86_64-fedora-gcc | 0.3.8 | 434.04 | NOTE | |||
r-devel-windows-x86_64 | 0.3.8 | 164.00 | 78.00 | 242.00 | NOTE | |
r-patched-linux-x86_64 | 0.3.8 | 210.59 | 31.48 | 242.07 | NOTE | |
r-release-linux-x86_64 | 0.3.8 | 204.61 | 31.57 | 236.18 | NOTE | |
r-release-macos-arm64 | 0.3.8 | 94.00 | NOTE | |||
r-release-macos-x86_64 | 0.3.8 | 178.00 | NOTE | |||
r-release-windows-x86_64 | 0.3.8 | 167.00 | 82.00 | 249.00 | NOTE | |
r-oldrel-macos-arm64 | 0.3.8 | 90.00 | NOTE | |||
r-oldrel-macos-x86_64 | 0.3.8 | 111.00 | NOTE | |||
r-oldrel-windows-x86_64 | 0.3.8 | 240.00 | 79.00 | 319.00 | OK |
Version: 0.3.8
Check: C++ specification
Result: NOTE
Specified C++11: please drop specification unless essential
Flavors: r-devel-linux-x86_64-debian-clang, r-devel-linux-x86_64-debian-gcc, r-devel-linux-x86_64-fedora-clang, r-devel-linux-x86_64-fedora-gcc, r-devel-windows-x86_64, r-patched-linux-x86_64, r-release-linux-x86_64, r-release-macos-arm64, r-release-macos-x86_64, r-release-windows-x86_64
Version: 0.3.8
Check: installed package size
Result: NOTE
installed size is 9.3Mb
sub-directories of 1Mb or more:
libs 8.3Mb
Flavors: r-release-macos-arm64, r-release-macos-x86_64, r-oldrel-macos-arm64, r-oldrel-macos-x86_64