CRAN Package Check Results for Package PPforest

Last updated on 2022-06-25 02:52:24 CEST.

Flavor Version Tinstall Tcheck Ttotal Status Flags
r-devel-linux-x86_64-debian-clang 0.1.2 50.54 105.69 156.23 OK
r-devel-linux-x86_64-debian-gcc 0.1.2 39.07 77.05 116.12 OK
r-devel-linux-x86_64-fedora-clang 0.1.2 206.85 OK
r-devel-linux-x86_64-fedora-gcc 0.1.2 193.69 OK
r-devel-windows-x86_64 0.1.2 58.00 183.00 241.00 OK
r-patched-linux-x86_64 0.1.2 37.62 98.87 136.49 OK
r-release-linux-x86_64 0.1.2 40.53 98.13 138.66 OK
r-release-macos-arm64 0.1.2 57.00 NOTE
r-release-macos-x86_64 0.1.2 100.00 NOTE
r-release-windows-x86_64 0.1.2 55.00 176.00 231.00 OK
r-oldrel-macos-arm64 0.1.2 65.00 NOTE
r-oldrel-macos-x86_64 0.1.2 65.00 NOTE
r-oldrel-windows-ix86+x86_64 0.1.2 114.00 187.00 301.00 OK

Check Details

Version: 0.1.2
Check: installed package size
Result: NOTE
     installed size is 5.4Mb
     sub-directories of 1Mb or more:
     libs 4.2Mb
Flavors: r-release-macos-arm64, r-release-macos-x86_64, r-oldrel-macos-arm64, r-oldrel-macos-x86_64