CRAN Package Check Results for Package PREPShiny

Last updated on 2019-09-23 14:47:30 CEST.

Flavor Version Tinstall Tcheck Ttotal Status Flags
r-devel-linux-x86_64-debian-clang 0.1.0 2.22 15.99 18.21 OK
r-devel-linux-x86_64-debian-gcc 0.1.0 1.28 13.07 14.35 OK
r-devel-linux-x86_64-fedora-clang 0.1.0 23.35 NOTE
r-devel-linux-x86_64-fedora-gcc 0.1.0 22.19 NOTE
r-devel-windows-ix86+x86_64 0.1.0 24.00 46.00 70.00 OK
r-patched-linux-x86_64 0.1.0 1.68 15.67 17.35 OK
r-patched-solaris-x86 0.1.0 35.00 NOTE
r-release-linux-x86_64 0.1.0 1.68 15.73 17.41 OK
r-release-windows-ix86+x86_64 0.1.0 15.00 41.00 56.00 OK
r-release-osx-x86_64 0.1.0 NOTE
r-oldrel-windows-ix86+x86_64 0.1.0 4.00 30.00 34.00 OK
r-oldrel-osx-x86_64 0.1.0 NOTE

Check Details

Version: 0.1.0
Check: dependencies in R code
Result: NOTE
    Namespaces in Imports field not imported from:
     ‘datasets’ ‘dplyr’ ‘psycho’ ‘shiny’
     All declared Imports should be used.
Flavors: r-devel-linux-x86_64-fedora-clang, r-devel-linux-x86_64-fedora-gcc, r-patched-solaris-x86, r-release-osx-x86_64, r-oldrel-osx-x86_64