CRAN Package Check Results for Package PREPShiny

Last updated on 2020-02-24 15:48:04 CET.

Flavor Version Tinstall Tcheck Ttotal Status Flags
r-devel-linux-x86_64-debian-clang 0.1.0 2.07 17.21 19.28 OK
r-devel-linux-x86_64-debian-gcc 0.1.0 1.58 13.68 15.26 OK
r-devel-linux-x86_64-fedora-clang 0.1.0 23.98 NOTE
r-devel-linux-x86_64-fedora-gcc 0.1.0 23.56 NOTE
r-devel-windows-ix86+x86_64 0.1.0 7.00 29.00 36.00 OK
r-devel-windows-ix86+x86_64-gcc8 0.1.0 11.00 39.00 50.00 OK
r-patched-linux-x86_64 0.1.0 OK
r-patched-solaris-x86 0.1.0 34.10 NOTE
r-release-linux-x86_64 0.1.0 1.58 15.76 17.34 OK
r-release-windows-ix86+x86_64 0.1.0 5.00 29.00 34.00 OK
r-release-osx-x86_64 0.1.0 NOTE
r-oldrel-windows-ix86+x86_64 0.1.0 3.00 30.00 33.00 OK
r-oldrel-osx-x86_64 0.1.0 NOTE

Check Details

Version: 0.1.0
Check: dependencies in R code
Result: NOTE
    Namespaces in Imports field not imported from:
     ‘datasets’ ‘dplyr’ ‘psycho’ ‘shiny’
     All declared Imports should be used.
Flavors: r-devel-linux-x86_64-fedora-clang, r-devel-linux-x86_64-fedora-gcc, r-patched-solaris-x86, r-release-osx-x86_64, r-oldrel-osx-x86_64