Last updated on 2021-04-14 08:48:27 CEST.
Flavor | Version | Tinstall | Tcheck | Ttotal | Status | Flags |
---|---|---|---|---|---|---|
r-devel-linux-x86_64-debian-clang | 3.2-1 | 107.62 | 35.48 | 143.10 | OK | |
r-devel-linux-x86_64-debian-gcc | 3.2-1 | 95.62 | 27.50 | 123.12 | OK | |
r-devel-linux-x86_64-fedora-clang | 3.2-1 | 228.79 | NOTE | |||
r-devel-linux-x86_64-fedora-gcc | 3.2-1 | 227.02 | OK | |||
r-devel-windows-ix86+x86_64 | 3.2-1 | 302.00 | 96.00 | 398.00 | NOTE | |
r-devel-windows-x86_64-gcc10-UCRT | 3.2-1 | OK | ||||
r-patched-linux-x86_64 | 3.2-1 | 107.46 | 33.94 | 141.40 | OK | |
r-patched-solaris-x86 | 3.2-1 | 240.30 | OK | |||
r-release-linux-x86_64 | 3.2-1 | 104.82 | 34.00 | 138.82 | OK | |
r-release-macos-x86_64 | 3.2-1 | NOTE | ||||
r-release-windows-ix86+x86_64 | 3.2-1 | 215.00 | 90.00 | 305.00 | NOTE | |
r-oldrel-macos-x86_64 | 3.2-1 | NOTE | ||||
r-oldrel-windows-ix86+x86_64 | 3.2-1 | 297.00 | 69.00 | 366.00 | NOTE |
Version: 3.2-1
Check: installed package size
Result: NOTE
installed size is 7.6Mb
sub-directories of 1Mb or more:
libs 7.3Mb
Flavors: r-devel-linux-x86_64-fedora-clang, r-devel-windows-ix86+x86_64, r-release-macos-x86_64, r-release-windows-ix86+x86_64, r-oldrel-macos-x86_64, r-oldrel-windows-ix86+x86_64