CRAN Package Check Results for Package PRIMME

Last updated on 2019-08-23 01:47:33 CEST.

Flavor Version Tinstall Tcheck Ttotal Status Flags
r-devel-linux-x86_64-debian-clang 3.0-0 76.86 29.64 106.50 OK
r-devel-linux-x86_64-debian-gcc 3.0-0 79.21 23.80 103.01 OK
r-devel-linux-x86_64-fedora-clang 3.0-0 157.62 NOTE
r-devel-linux-x86_64-fedora-gcc 3.0-0 194.86 OK
r-devel-windows-ix86+x86_64 3.0-0 286.00 106.00 392.00 NOTE
r-patched-linux-x86_64 3.0-0 94.39 29.47 123.86 OK
r-patched-solaris-x86 3.0-0 257.60 OK
r-release-linux-x86_64 3.0-0 86.71 29.70 116.41 OK
r-release-windows-ix86+x86_64 3.0-0 306.00 98.00 404.00 NOTE
r-release-osx-x86_64 3.0-0 NOTE
r-oldrel-windows-ix86+x86_64 3.0-0 292.00 92.00 384.00 NOTE
r-oldrel-osx-x86_64 3.0-0 NOTE

Additional issues

clang-UBSAN gcc-UBSAN

Check Details

Version: 3.0-0
Check: installed package size
Result: NOTE
     installed size is 6.4Mb
     sub-directories of 1Mb or more:
     libs 6.1Mb
Flavors: r-devel-linux-x86_64-fedora-clang, r-devel-windows-ix86+x86_64, r-release-windows-ix86+x86_64, r-release-osx-x86_64, r-oldrel-windows-ix86+x86_64, r-oldrel-osx-x86_64