CRAN Package Check Results for Package PRIMsrc

Last updated on 2018-10-24 05:49:56 CEST.

Flavor Version Tinstall Tcheck Ttotal Status Flags
r-devel-linux-x86_64-debian-clang 0.8.2 16.82 128.91 145.73 OK
r-devel-linux-x86_64-debian-gcc 0.8.2 14.62 97.99 112.61 OK
r-devel-linux-x86_64-fedora-clang 0.8.2 172.41 OK
r-devel-linux-x86_64-fedora-gcc 0.8.2 163.02 OK
r-devel-windows-ix86+x86_64 0.8.2 46.00 241.00 287.00 OK
r-patched-linux-x86_64 0.8.2 13.28 103.36 116.64 OK
r-patched-solaris-x86 0.8.2 205.30 OK
r-release-linux-x86_64 0.8.2 14.32 104.98 119.30 ERROR
r-release-windows-ix86+x86_64 0.8.2 51.00 146.00 197.00 WARN
r-release-osx-x86_64 0.8.2 OK
r-oldrel-windows-ix86+x86_64 0.8.2 26.00 209.00 235.00 WARN
r-oldrel-osx-x86_64 0.8.2 OK

Check Details

Version: 0.8.2
Check: package dependencies
Result: ERROR
    Package required but not available: ‘Hmisc’
    
    See section ‘The DESCRIPTION file’ in the ‘Writing R Extensions’
    manual.
Flavor: r-release-linux-x86_64

Version: 0.8.2
Check: whether package can be installed
Result: WARN
    Found the following significant warnings:
     Warning: S3 methods '[.fun_list', '[.grouped_df', 'all.equal.tbl_df', 'anti_join.data.frame', 'anti_join.tbl_df', 'arrange.data.frame', 'arrange.default', 'arrange.grouped_df', 'arrange.tbl_df', 'arrange_.data.frame', 'arrange_.tbl_df', 'as.data.frame.grouped_df', 'as.data.frame.rowwise_df', 'as.data.frame.tbl_cube', 'as.data.frame.tbl_df', 'as.table.tbl_cube', 'as.tbl.data.frame', 'as.tbl.tbl', 'as.tbl_cube.array', 'as.tbl_cube.data.frame', 'as.tbl_cube.matrix', 'as.tbl_cube.table', 'as_data_frame.grouped_df', 'as_data_frame.tbl_cube', 'auto_copy.tbl_cube', 'auto_copy.tbl_df', 'cbind.grouped_df', 'collapse.data.frame', 'collect.data.frame', 'common_by.NULL', 'common_by.character', 'common_by.default', 'common_by.list', 'compute.data.frame', 'copy_to.DBIConnection', 'copy_to.src_local', 'default_missing.data.frame', 'default_missing.default', 'dim.tbl_cube', 'distinct.data.frame', 'distinct.default', 'distinct.grouped_df', 'distinct.tbl_df', 'distinct_.data.frame', 'distinct_.grouped_df', 'dist [... truncated]
Flavors: r-release-windows-ix86+x86_64, r-oldrel-windows-ix86+x86_64