Last updated on 2022-05-17 21:50:54 CEST.
Flavor | Version | Tinstall | Tcheck | Ttotal | Status | Flags |
---|---|---|---|---|---|---|
r-devel-linux-x86_64-debian-clang | 3.2.7 | 120.19 | 339.08 | 459.27 | OK | |
r-devel-linux-x86_64-debian-gcc | 3.2.7 | 47.17 | 9.09 | 56.26 | ERROR | |
r-devel-linux-x86_64-fedora-clang | 3.2.7 | 550.67 | NOTE | |||
r-devel-linux-x86_64-fedora-gcc | 3.2.7 | 543.32 | OK | |||
r-devel-windows-x86_64 | 3.2.7 | 90.00 | 346.00 | 436.00 | OK | |
r-patched-linux-x86_64 | 3.2.7 | 99.07 | 320.66 | 419.73 | OK | |
r-release-linux-x86_64 | 3.2.7 | 107.18 | 322.35 | 429.53 | OK | |
r-release-macos-arm64 | 3.2.7 | 130.00 | NOTE | |||
r-release-macos-x86_64 | 3.2.7 | 228.00 | NOTE | |||
r-release-windows-x86_64 | 3.2.7 | 91.00 | 338.00 | 429.00 | OK | |
r-oldrel-macos-arm64 | 3.2.7 | 141.00 | NOTE | |||
r-oldrel-macos-x86_64 | 3.2.7 | 125.00 | NOTE | |||
r-oldrel-windows-ix86+x86_64 | 3.2.7 | 233.00 | 468.00 | 701.00 | OK |
Version: 3.2.7
Check: whether package can be installed
Result: ERROR
Installation failed.
Flavor: r-devel-linux-x86_64-debian-gcc
Version: 3.2.7
Check: installed package size
Result: NOTE
installed size is 13.2Mb
sub-directories of 1Mb or more:
libs 12.8Mb
Flavors: r-devel-linux-x86_64-fedora-clang, r-release-macos-arm64, r-release-macos-x86_64, r-oldrel-macos-arm64, r-oldrel-macos-x86_64