CRAN Package Check Results for Package PSAboot

Last updated on 2018-02-19 11:49:11 CET.

Flavor Version Tinstall Tcheck Ttotal Status Flags
r-devel-linux-x86_64-debian-clang 1.1.4 8.91 129.94 138.85 OK
r-devel-linux-x86_64-debian-gcc 1.1.4 5.57 114.30 119.87 OK
r-devel-linux-x86_64-fedora-clang 1.1.4 182.39 NOTE
r-devel-linux-x86_64-fedora-gcc 1.1.4 176.27 NOTE
r-devel-windows-ix86+x86_64 1.1.4 15.00 145.00 160.00 OK
r-patched-linux-x86_64 1.1.4 7.56 146.06 153.62 OK
r-patched-solaris-x86 1.1.4 267.90 NOTE
r-release-linux-x86_64 1.1.4 6.72 149.13 155.85 OK
r-release-windows-ix86+x86_64 1.1.4 26.00 221.00 247.00 OK
r-release-osx-x86_64 1.1.4 NOTE
r-oldrel-windows-ix86+x86_64 1.1.4 31.00 201.00 232.00 OK
r-oldrel-osx-x86_64 1.1.4 NOTE

Check Details

Version: 1.1.4
Check: data for non-ASCII characters
Result: NOTE
     Note: found 4 marked UTF-8 strings
Flavors: r-devel-linux-x86_64-fedora-clang, r-devel-linux-x86_64-fedora-gcc, r-patched-solaris-x86, r-release-osx-x86_64, r-oldrel-osx-x86_64

Version: 1.1.4
Check: package dependencies
Result: NOTE
    Package suggested but not available for checking: ‘devtools’
Flavor: r-release-osx-x86_64