CRAN Package Check Results for Package PSF

Last updated on 2019-01-23 09:50:33 CET.

Flavor Version Tinstall Tcheck Ttotal Status Flags
r-devel-linux-x86_64-debian-clang 0.4 1.34 101.97 103.31 OK
r-devel-linux-x86_64-debian-gcc 0.4 0.93 285.80 286.73 OK
r-devel-linux-x86_64-fedora-clang 0.4 69.73 NOTE
r-devel-linux-x86_64-fedora-gcc 0.4 75.88 NOTE
r-devel-windows-ix86+x86_64 0.4 5.00 76.00 81.00 OK
r-patched-linux-x86_64 0.4 1.48 170.57 172.05 OK
r-patched-solaris-x86 0.4 79.30 NOTE
r-release-linux-x86_64 0.4 1.35 186.51 187.86 OK
r-release-windows-ix86+x86_64 0.4 3.00 54.00 57.00 OK
r-release-osx-x86_64 0.4 NOTE
r-oldrel-windows-ix86+x86_64 0.4 4.00 82.00 86.00 OK
r-oldrel-osx-x86_64 0.4 NOTE

Check Details

Version: 0.4
Check: dependencies in R code
Result: NOTE
    Namespaces in Imports field not imported from:
     ‘forecast’ ‘knitr’
     All declared Imports should be used.
Flavors: r-devel-linux-x86_64-fedora-clang, r-devel-linux-x86_64-fedora-gcc, r-patched-solaris-x86, r-release-osx-x86_64, r-oldrel-osx-x86_64