CRAN Package Check Results for Package PSF

Last updated on 2018-05-25 22:47:56 CEST.

Flavor Version Tinstall Tcheck Ttotal Status Flags
r-devel-linux-x86_64-debian-clang 0.4 1.33 45.25 46.58 OK
r-devel-linux-x86_64-debian-gcc 0.4 1.19 33.81 35.00 OK
r-devel-linux-x86_64-fedora-clang 0.4 55.65 NOTE
r-devel-linux-x86_64-fedora-gcc 0.4 51.99 NOTE
r-devel-windows-ix86+x86_64 0.4 3.00 52.00 55.00 OK
r-patched-linux-x86_64 0.4 1.27 40.63 41.90 OK
r-patched-solaris-x86 0.4 73.80 NOTE
r-release-linux-x86_64 0.4 1.22 40.67 41.89 OK
r-release-windows-ix86+x86_64 0.4 4.00 62.00 66.00 OK
r-release-osx-x86_64 0.4 NOTE
r-oldrel-windows-ix86+x86_64 0.4 4.00 53.00 57.00 OK
r-oldrel-osx-x86_64 0.4 NOTE

Check Details

Version: 0.4
Check: dependencies in R code
Result: NOTE
    Namespaces in Imports field not imported from:
     ‘forecast’ ‘knitr’
     All declared Imports should be used.
Flavors: r-devel-linux-x86_64-fedora-clang, r-devel-linux-x86_64-fedora-gcc, r-patched-solaris-x86, r-release-osx-x86_64, r-oldrel-osx-x86_64