Last updated on 2021-04-14 08:48:27 CEST.
Flavor | Version | Tinstall | Tcheck | Ttotal | Status | Flags |
---|---|---|---|---|---|---|
r-devel-linux-x86_64-debian-clang | 0.4 | 2.80 | 51.90 | 54.70 | NOTE | |
r-devel-linux-x86_64-debian-gcc | 0.4 | 2.22 | 37.56 | 39.78 | NOTE | |
r-devel-linux-x86_64-fedora-clang | 0.4 | 72.53 | NOTE | |||
r-devel-linux-x86_64-fedora-gcc | 0.4 | 62.71 | NOTE | |||
r-devel-windows-ix86+x86_64 | 0.4 | 7.00 | 67.00 | 74.00 | NOTE | |
r-devel-windows-x86_64-gcc10-UCRT | 0.4 | NOTE | ||||
r-patched-linux-x86_64 | 0.4 | 2.34 | 48.04 | 50.38 | NOTE | |
r-patched-solaris-x86 | 0.4 | 89.60 | NOTE | |||
r-release-linux-x86_64 | 0.4 | 2.71 | 48.02 | 50.73 | NOTE | |
r-release-macos-x86_64 | 0.4 | NOTE | ||||
r-release-windows-ix86+x86_64 | 0.4 | 5.00 | 70.00 | 75.00 | NOTE | |
r-oldrel-macos-x86_64 | 0.4 | NOTE | ||||
r-oldrel-windows-ix86+x86_64 | 0.4 | 3.00 | 48.00 | 51.00 | OK |
Version: 0.4
Check: LazyData
Result: NOTE
'LazyData' is specified without a 'data' directory
Flavors: r-devel-linux-x86_64-debian-clang, r-devel-linux-x86_64-debian-gcc, r-devel-linux-x86_64-fedora-clang, r-devel-linux-x86_64-fedora-gcc, r-devel-windows-ix86+x86_64, r-devel-windows-x86_64-gcc10-UCRT
Version: 0.4
Check: package vignettes
Result: NOTE
Package vignette with placeholder title 'Vignette Title':
'PSF_vignette.Rmd'
Flavors: r-devel-linux-x86_64-debian-clang, r-devel-linux-x86_64-debian-gcc, r-devel-windows-ix86+x86_64, r-patched-linux-x86_64, r-release-linux-x86_64, r-release-windows-ix86+x86_64
Version: 0.4
Check: dependencies in R code
Result: NOTE
Namespaces in Imports field not imported from:
‘forecast’ ‘knitr’
All declared Imports should be used.
Flavors: r-devel-linux-x86_64-fedora-clang, r-devel-linux-x86_64-fedora-gcc, r-devel-windows-x86_64-gcc10-UCRT, r-patched-solaris-x86, r-release-macos-x86_64, r-oldrel-macos-x86_64