CRAN Package Check Results for Package PSF

Last updated on 2018-02-25 13:47:18 CET.

Flavor Version Tinstall Tcheck Ttotal Status Flags
r-devel-linux-x86_64-debian-clang 0.4 1.26 40.82 42.08 OK
r-devel-linux-x86_64-debian-gcc 0.4 0.99 31.36 32.35 OK
r-devel-linux-x86_64-fedora-clang 0.4 51.33 NOTE
r-devel-linux-x86_64-fedora-gcc 0.4 53.39 NOTE
r-devel-windows-ix86+x86_64 0.4 4.00 65.00 69.00 OK
r-patched-linux-x86_64 0.4 1.16 42.54 43.70 OK
r-patched-solaris-x86 0.4 67.30 NOTE
r-release-linux-x86_64 0.4 1.12 41.66 42.78 OK
r-release-windows-ix86+x86_64 0.4 4.00 70.00 74.00 OK
r-release-osx-x86_64 0.4 NOTE
r-oldrel-windows-ix86+x86_64 0.4 3.00 51.00 54.00 OK
r-oldrel-osx-x86_64 0.4 NOTE

Check Details

Version: 0.4
Check: dependencies in R code
Result: NOTE
    Namespaces in Imports field not imported from:
     ‘forecast’ ‘knitr’
     All declared Imports should be used.
Flavors: r-devel-linux-x86_64-fedora-clang, r-devel-linux-x86_64-fedora-gcc, r-patched-solaris-x86, r-release-osx-x86_64, r-oldrel-osx-x86_64