CRAN Package Check Results for Package PSF

Last updated on 2018-08-15 18:48:09 CEST.

Flavor Version Tinstall Tcheck Ttotal Status Flags
r-devel-linux-x86_64-debian-clang 0.4 1.43 44.54 45.97 OK
r-devel-linux-x86_64-debian-gcc 0.4 1.22 34.91 36.13 OK
r-devel-linux-x86_64-fedora-clang 0.4 53.86 NOTE
r-devel-linux-x86_64-fedora-gcc 0.4 52.56 NOTE
r-devel-windows-ix86+x86_64 0.4 3.00 51.00 54.00 OK
r-patched-linux-x86_64 0.4 1.04 40.91 41.95 OK
r-patched-solaris-x86 0.4 76.20 NOTE
r-release-linux-x86_64 0.4 1.45 40.94 42.39 OK
r-release-windows-ix86+x86_64 0.4 4.00 73.00 77.00 OK
r-release-osx-x86_64 0.4 NOTE
r-oldrel-windows-ix86+x86_64 0.4 6.00 70.00 76.00 OK
r-oldrel-osx-x86_64 0.4 NOTE

Check Details

Version: 0.4
Check: dependencies in R code
Result: NOTE
    Namespaces in Imports field not imported from:
     ‘forecast’ ‘knitr’
     All declared Imports should be used.
Flavors: r-devel-linux-x86_64-fedora-clang, r-devel-linux-x86_64-fedora-gcc, r-patched-solaris-x86, r-release-osx-x86_64, r-oldrel-osx-x86_64