CRAN Package Check Results for Package PSGD

Last updated on 2024-03-04 22:58:11 CET.

Flavor Version Tinstall Tcheck Ttotal Status Flags
r-devel-linux-x86_64-debian-clang 1.0.3 108.71 34.66 143.37 OK
r-devel-linux-x86_64-debian-gcc 1.0.3 98.53 26.98 125.51 OK
r-devel-linux-x86_64-fedora-clang 1.0.3 236.40 OK
r-devel-linux-x86_64-fedora-gcc 1.0.3 241.04 OK
r-devel-windows-x86_64 1.0.3 99.00 70.00 169.00 OK
r-patched-linux-x86_64 1.0.3 122.35 33.91 156.26 OK
r-release-linux-x86_64 1.0.3 121.38 34.74 156.12 OK
r-release-macos-arm64 1.0.3 58.00 NOTE
r-release-macos-x86_64 1.0.3 72.00 NOTE
r-release-windows-x86_64 1.0.3 94.00 76.00 170.00 OK
r-oldrel-macos-arm64 1.0.3 63.00 NOTE
r-oldrel-windows-x86_64 1.0.3 109.00 74.00 183.00 OK

Check Details

Version: 1.0.3
Check: installed package size
Result: NOTE installed size is 5.5Mb sub-directories of 1Mb or more: libs 5.4Mb Flavors: r-release-macos-arm64, r-release-macos-x86_64, r-oldrel-macos-arm64