CRAN Package Check Results for Package PUlasso

Last updated on 2021-04-14 08:48:28 CEST.

Flavor Version Tinstall Tcheck Ttotal Status Flags
r-devel-linux-x86_64-debian-clang 3.2.4 206.45 111.41 317.86 OK
r-devel-linux-x86_64-debian-gcc 3.2.4 145.16 85.05 230.21 OK
r-devel-linux-x86_64-fedora-clang 3.2.4 451.65 NOTE
r-devel-linux-x86_64-fedora-gcc 3.2.4 403.09 OK
r-devel-windows-ix86+x86_64 3.2.4 424.00 208.00 632.00 OK
r-devel-windows-x86_64-gcc10-UCRT 3.2.4 OK
r-patched-linux-x86_64 3.2.4 164.79 107.38 272.17 OK
r-patched-solaris-x86 3.2.4 370.20 OK
r-release-linux-x86_64 3.2.4 175.53 106.70 282.23 OK
r-release-macos-x86_64 3.2.4 NOTE
r-release-windows-ix86+x86_64 3.2.4 431.00 211.00 642.00 OK
r-oldrel-macos-x86_64 3.2.4 NOTE
r-oldrel-windows-ix86+x86_64 3.2.4 377.00 151.00 528.00 OK

Check Details

Version: 3.2.4
Check: installed package size
Result: NOTE
     installed size is 34.8Mb
     sub-directories of 1Mb or more:
     libs 34.3Mb
Flavors: r-devel-linux-x86_64-fedora-clang, r-release-macos-x86_64, r-oldrel-macos-x86_64