CRAN Package Check Results for Package PWFSLSmoke

Last updated on 2019-02-20 13:46:38 CET.

Flavor Version Tinstall Tcheck Ttotal Status Flags
r-devel-linux-x86_64-debian-clang 1.1.3 14.40 120.01 134.41 OK
r-devel-linux-x86_64-debian-gcc 1.1.3 11.29 95.64 106.93 OK
r-devel-linux-x86_64-fedora-clang 1.1.3 167.90 OK
r-devel-linux-x86_64-fedora-gcc 1.1.3 160.54 OK
r-devel-windows-ix86+x86_64 1.1.3 27.00 280.00 307.00 OK
r-patched-linux-x86_64 1.1.3 OK
r-patched-solaris-x86 1.1.3 211.90 OK
r-release-linux-x86_64 1.1.3 OK
r-release-windows-ix86+x86_64 1.1.3 19.00 285.00 304.00 OK
r-release-osx-x86_64 1.1.3 WARN
r-oldrel-windows-ix86+x86_64 1.1.3 13.00 187.00 200.00 OK
r-oldrel-osx-x86_64 1.1.3 OK

Check Details

Version: 1.1.3
Check: whether package can be installed
Result: WARN
    Found the following significant warnings:
     Warning: package ‘dplyr’ was built under R version 3.5.1
Flavor: r-release-osx-x86_64