CRAN Package Check Results for Package PakPMICS2014Wm

Last updated on 2022-08-19 08:53:50 CEST.

Flavor Version Tinstall Tcheck Ttotal Status Flags
r-devel-linux-x86_64-debian-clang 0.1.1 29.31 37.05 66.36 OK
r-devel-linux-x86_64-debian-gcc 0.1.1 25.74 28.78 54.52 OK
r-devel-linux-x86_64-fedora-clang 0.1.1 98.98 NOTE
r-devel-linux-x86_64-fedora-gcc 0.1.1 99.10 NOTE
r-devel-windows-x86_64 0.1.1 36.00 69.00 105.00 OK
r-patched-linux-x86_64 0.1.1 26.69 34.96 61.65 OK
r-release-linux-x86_64 0.1.1 OK
r-release-macos-arm64 0.1.1 40.00 NOTE
r-release-macos-x86_64 0.1.1 46.00 NOTE
r-release-windows-x86_64 0.1.1 36.00 66.00 102.00 OK
r-oldrel-macos-arm64 0.1.1 48.00 NOTE
r-oldrel-macos-x86_64 0.1.1 61.00 NOTE
r-oldrel-windows-ix86+x86_64 0.1.1 42.00 59.00 101.00 OK

Check Details

Version: 0.1.1
Check: dependencies in R code
Result: NOTE
    Namespace in Imports field not imported from: ‘stats’
     All declared Imports should be used.
Flavors: r-devel-linux-x86_64-fedora-clang, r-devel-linux-x86_64-fedora-gcc, r-release-macos-arm64, r-release-macos-x86_64, r-oldrel-macos-arm64, r-oldrel-macos-x86_64