CRAN Package Check Results for Package PakPMICS2018

Last updated on 2022-12-02 09:53:02 CET.

Flavor Version Tinstall Tcheck Ttotal Status Flags
r-devel-linux-x86_64-debian-clang 1.0.0 4.99 64.28 69.27 NOTE
r-devel-linux-x86_64-debian-gcc 1.0.0 3.79 48.58 52.37 NOTE
r-devel-linux-x86_64-fedora-clang 1.0.0 96.95 NOTE
r-devel-linux-x86_64-fedora-gcc 1.0.0 93.80 NOTE
r-devel-windows-x86_64 1.0.0 39.00 95.00 134.00 NOTE
r-patched-linux-x86_64 1.0.0 6.50 55.01 61.51 NOTE
r-release-linux-x86_64 1.0.0 3.89 52.04 55.93 NOTE
r-release-macos-arm64 1.0.0 25.00 NOTE
r-release-macos-x86_64 1.0.0 38.00 NOTE
r-release-windows-x86_64 1.0.0 19.00 77.00 96.00 NOTE
r-oldrel-macos-arm64 1.0.0 30.00 NOTE
r-oldrel-macos-x86_64 1.0.0 40.00 NOTE
r-oldrel-windows-ix86+x86_64 1.0.0 10.00 76.00 86.00 NOTE

Check Details

Version: 1.0.0
Check: LazyData
Result: NOTE
     'LazyData' is specified without a 'data' directory
Flavors: r-devel-linux-x86_64-debian-clang, r-devel-linux-x86_64-debian-gcc, r-devel-linux-x86_64-fedora-clang, r-devel-linux-x86_64-fedora-gcc, r-devel-windows-x86_64, r-patched-linux-x86_64, r-release-linux-x86_64, r-release-macos-arm64, r-release-macos-x86_64, r-release-windows-x86_64, r-oldrel-macos-arm64, r-oldrel-macos-x86_64, r-oldrel-windows-ix86+x86_64