Last updated on 2023-12-05 00:52:12 CET.
Flavor | Version | Tinstall | Tcheck | Ttotal | Status | Flags |
---|---|---|---|---|---|---|
r-devel-linux-x86_64-debian-clang | 0.1.0 | 8.61 | 46.87 | 55.48 | NOTE | |
r-devel-linux-x86_64-debian-gcc | 0.1.0 | 8.38 | 35.32 | 43.70 | NOTE | |
r-devel-linux-x86_64-fedora-clang | 0.1.0 | 72.62 | OK | |||
r-devel-linux-x86_64-fedora-gcc | 0.1.0 | 80.74 | OK | |||
r-devel-windows-x86_64 | 0.1.0 | 11.00 | 55.00 | 66.00 | OK | |
r-patched-linux-x86_64 | 0.1.0 | 8.85 | 45.30 | 54.15 | OK | |
r-release-linux-x86_64 | 0.1.0 | 9.33 | 45.70 | 55.03 | OK | |
r-release-macos-arm64 | 0.1.0 | 34.00 | OK | |||
r-release-macos-x86_64 | 0.1.0 | 50.00 | OK | |||
r-release-windows-x86_64 | 0.1.0 | 13.00 | 60.00 | 73.00 | OK | |
r-oldrel-macos-arm64 | 0.1.0 | 26.00 | OK | |||
r-oldrel-macos-x86_64 | 0.1.0 | 44.00 | OK | |||
r-oldrel-windows-x86_64 | 0.1.0 | 12.00 | 66.00 | 78.00 | OK |
Version: 0.1.0
Check: Rd files
Result: NOTE
checkRd: (-1) PakPMICS2018fs.Rd:308: Lost braces in \enumerate; meant \describe ?
checkRd: (-1) PakPMICS2018fs.Rd:309: Lost braces in \enumerate; meant \describe ?
Flavors: r-devel-linux-x86_64-debian-clang, r-devel-linux-x86_64-debian-gcc