CRAN Package Check Results for Package PakPMICS2018mn

Last updated on 2022-11-28 17:53:02 CET.

Flavor Version Tinstall Tcheck Ttotal Status Flags
r-devel-linux-x86_64-debian-clang 0.1.0 6.74 47.04 53.78 OK
r-devel-linux-x86_64-debian-gcc 0.1.0 6.08 35.84 41.92 OK
r-devel-linux-x86_64-fedora-clang 0.1.0 80.35 NOTE
r-devel-linux-x86_64-fedora-gcc 0.1.0 77.26 NOTE
r-devel-windows-x86_64 0.1.0 15.00 77.00 92.00 OK
r-patched-linux-x86_64 0.1.0 6.99 43.68 50.67 OK
r-release-linux-x86_64 0.1.0 6.59 43.46 50.05 OK
r-release-macos-arm64 0.1.0 25.00 NOTE
r-release-macos-x86_64 0.1.0 36.00 NOTE
r-release-windows-x86_64 0.1.0 16.00 74.00 90.00 OK
r-oldrel-macos-arm64 0.1.0 28.00 NOTE
r-oldrel-macos-x86_64 0.1.0 41.00 NOTE
r-oldrel-windows-ix86+x86_64 0.1.0 17.00 68.00 85.00 OK

Check Details

Version: 0.1.0
Check: data for non-ASCII characters
Result: NOTE
     Note: found 4 marked UTF-8 strings
Flavors: r-devel-linux-x86_64-fedora-clang, r-devel-linux-x86_64-fedora-gcc, r-release-macos-arm64, r-release-macos-x86_64, r-oldrel-macos-arm64, r-oldrel-macos-x86_64