CRAN Package Check Results for Package PantaRhei

Last updated on 2024-06-13 15:48:32 CEST.

Flavor Version Tinstall Tcheck Ttotal Status Flags
r-devel-linux-x86_64-debian-clang 0.1.2 4.17 51.84 56.01 OK
r-devel-linux-x86_64-debian-gcc 0.1.2 3.52 27.40 30.92 NOTE
r-devel-linux-x86_64-fedora-clang 0.1.2 77.63 NOTE
r-devel-linux-x86_64-fedora-gcc 0.1.2 83.26 NOTE
r-devel-windows-x86_64 0.1.2 4.00 54.00 58.00 OK
r-patched-linux-x86_64 0.1.2 4.87 52.06 56.93 OK
r-release-linux-x86_64 0.1.2 4.74 51.60 56.34 OK
r-release-macos-arm64 0.1.2 27.00 OK
r-release-macos-x86_64 0.1.2 43.00 OK
r-release-windows-x86_64 0.1.2 5.00 60.00 65.00 OK
r-oldrel-macos-arm64 0.1.2 29.00 OK
r-oldrel-macos-x86_64 0.1.2 42.00 OK
r-oldrel-windows-x86_64 0.1.2 4.00 58.00 62.00 OK

Check Details

Version: 0.1.2
Check: package dependencies
Result: NOTE Package suggested but not available for checking: ‘tibble’ Flavor: r-devel-linux-x86_64-debian-gcc

Version: 0.1.2
Check: re-building of vignette outputs
Result: NOTE Note: skipping ‘panta-rhei.Rmd’ due to unavailable dependencies: 'tibble' Flavor: r-devel-linux-x86_64-debian-gcc

Version: 0.1.2
Check: dependencies in R code
Result: NOTE Namespace in Imports field not imported from: ‘utils’ All declared Imports should be used. Flavors: r-devel-linux-x86_64-fedora-clang, r-devel-linux-x86_64-fedora-gcc