Last updated on 2023-04-01 00:53:07 CEST.
Flavor | Version | Tinstall | Tcheck | Ttotal | Status | Flags |
---|---|---|---|---|---|---|
r-devel-linux-x86_64-debian-clang | 0.3.7 | 36.23 | 297.25 | 333.48 | OK | |
r-devel-linux-x86_64-debian-gcc | 0.3.7 | 26.95 | 216.10 | 243.05 | OK | |
r-devel-linux-x86_64-fedora-clang | 0.3.7 | 407.96 | NOTE | |||
r-devel-linux-x86_64-fedora-gcc | 0.3.7 | 414.23 | NOTE | |||
r-devel-windows-x86_64 | 0.3.7 | 44.00 | 0.00 | 44.00 | NOTE | |
r-patched-linux-x86_64 | 0.3.7 | 30.10 | 276.24 | 306.34 | OK | |
r-release-linux-x86_64 | 0.3.7 | 21.00 | 279.99 | 300.99 | OK | |
r-release-macos-arm64 | 0.3.7 | 99.00 | NOTE | |||
r-release-macos-x86_64 | 0.3.7 | 113.00 | NOTE | |||
r-release-windows-x86_64 | 0.3.7 | 50.00 | 303.00 | 353.00 | NOTE | |
r-oldrel-macos-arm64 | 0.3.7 | 81.00 | NOTE | |||
r-oldrel-macos-x86_64 | 0.3.7 | 111.00 | NOTE | |||
r-oldrel-windows-ix86+x86_64 | 0.3.7 | 71.00 | 277.00 | 348.00 | NOTE |
Version: 0.3.7
Check: installed package size
Result: NOTE
installed size is 9.0Mb
sub-directories of 1Mb or more:
extdata 8.8Mb
Flavors: r-devel-linux-x86_64-fedora-clang, r-devel-windows-x86_64, r-release-macos-arm64, r-release-macos-x86_64, r-release-windows-x86_64, r-oldrel-macos-arm64, r-oldrel-macos-x86_64, r-oldrel-windows-ix86+x86_64
Version: 0.3.7
Check: dependencies in R code
Result: NOTE
Namespaces in Imports field not imported from:
‘caret’ ‘gstat’ ‘pryr’
All declared Imports should be used.
Flavors: r-devel-linux-x86_64-fedora-clang, r-devel-linux-x86_64-fedora-gcc, r-release-macos-arm64, r-release-macos-x86_64, r-oldrel-macos-arm64, r-oldrel-macos-x86_64