CRAN Package Check Results for Package ParallelLogger

Last updated on 2019-04-20 12:51:06 CEST.

Flavor Version Tinstall Tcheck Ttotal Status Flags
r-devel-linux-x86_64-debian-clang 1.1.0 2.43 35.34 37.77 OK
r-devel-linux-x86_64-debian-gcc 1.1.0 2.76 31.79 34.55 OK
r-devel-linux-x86_64-fedora-clang 1.1.0 47.65 OK
r-devel-linux-x86_64-fedora-gcc 1.1.0 44.70 OK
r-devel-windows-ix86+x86_64 1.1.0 8.00 69.00 77.00 OK
r-patched-linux-x86_64 1.1.0 2.20 35.63 37.83 OK
r-patched-solaris-x86 1.1.0 69.10 OK
r-release-linux-x86_64 1.1.0 1.38 32.96 34.34 OK
r-release-windows-ix86+x86_64 1.1.0 4.00 68.00 72.00 OK
r-release-osx-x86_64 1.1.0 OK
r-oldrel-windows-ix86+x86_64 1.1.0 3.00 38.00 41.00 FAIL
r-oldrel-osx-x86_64 1.1.0 OK

Check Details

Version: 1.1.0
Check: examples
Result: FAIL
    
Flavor: r-oldrel-windows-ix86+x86_64