CRAN Package Check Results for Package ParallelLogger

Last updated on 2019-02-21 21:48:46 CET.

Flavor Version Tinstall Tcheck Ttotal Status Flags
r-devel-linux-x86_64-debian-clang 1.1.0 2.41 35.77 38.18 OK
r-devel-linux-x86_64-debian-gcc 1.1.0 1.51 28.32 29.83 OK
r-devel-linux-x86_64-fedora-clang 1.1.0 46.59 OK
r-devel-linux-x86_64-fedora-gcc 1.1.0 44.74 OK
r-devel-windows-ix86+x86_64 1.1.0 6.00 69.00 75.00 OK
r-patched-linux-x86_64 1.1.0 1.57 31.82 33.39 OK
r-patched-solaris-x86 1.1.0 63.70 OK
r-release-linux-x86_64 1.1.0 OK
r-release-windows-ix86+x86_64 1.1.0 4.00 76.00 80.00 OK
r-release-osx-x86_64 1.1.0 OK
r-oldrel-windows-ix86+x86_64 1.1.0 4.00 29.00 33.00 FAIL
r-oldrel-osx-x86_64 1.1.0 OK

Check Details

Version: 1.1.0
Check: examples
Result: FAIL
    
Flavor: r-oldrel-windows-ix86+x86_64