CRAN Package Check Results for Package ParamHelpers

Last updated on 2024-06-17 20:54:46 CEST.

Flavor Version Tinstall Tcheck Ttotal Status Flags
r-devel-linux-x86_64-debian-clang 1.14.1 10.01 90.37 100.38 NOTE
r-devel-linux-x86_64-debian-gcc 1.14.1 7.22 66.26 73.48 NOTE
r-devel-linux-x86_64-fedora-clang 1.14.1 127.20 NOTE
r-devel-linux-x86_64-fedora-gcc 1.14.1 115.86 NOTE
r-devel-windows-x86_64 1.14.1 10.00 91.00 101.00 NOTE
r-patched-linux-x86_64 1.14.1 12.64 85.79 98.43 NOTE
r-release-linux-x86_64 1.14.1 7.80 85.35 93.15 NOTE
r-release-macos-arm64 1.14.1 34.00 NOTE
r-release-macos-x86_64 1.14.1 57.00 NOTE
r-release-windows-x86_64 1.14.1 9.00 93.00 102.00 NOTE
r-oldrel-macos-arm64 1.14.1 38.00 OK
r-oldrel-macos-x86_64 1.14.1 64.00 OK
r-oldrel-windows-x86_64 1.14.1 13.00 110.00 123.00 OK

Check Details

Version: 1.14.1
Check: Rd files
Result: NOTE checkRd: (-1) getParamNr.Rd:15: Lost braces 15 | Default is code{FALSE}.} | ^ checkRd: (-1) getRequirements.Rd:16: Lost braces 16 | code{TRUE}.} | ^ checkRd: (-1) sampleValue.Rd:15: Lost braces; missing escapes or markup? 15 | Default is code {FALSE}.} | ^ checkRd: (-1) sampleValues.Rd:18: Lost braces; missing escapes or markup? 18 | Default is code {FALSE}.} | ^ Flavors: r-devel-linux-x86_64-debian-clang, r-devel-linux-x86_64-debian-gcc, r-devel-linux-x86_64-fedora-clang, r-devel-linux-x86_64-fedora-gcc, r-devel-windows-x86_64, r-patched-linux-x86_64, r-release-linux-x86_64, r-release-macos-arm64, r-release-macos-x86_64, r-release-windows-x86_64