CRAN Package Check Results for Package Patterns

Last updated on 2020-02-19 18:47:34 CET.

Flavor Version Tinstall Tcheck Ttotal Status Flags
r-devel-linux-x86_64-debian-clang 1.2 14.12 141.82 155.94 OK
r-devel-linux-x86_64-debian-gcc 1.2 11.98 107.25 119.23 OK
r-devel-linux-x86_64-fedora-clang 1.2 202.59 WARN
r-devel-linux-x86_64-fedora-gcc 1.2 192.05 NOTE
r-devel-windows-ix86+x86_64 1.2 27.00 158.00 185.00 OK
r-devel-windows-ix86+x86_64-gcc8 1.2 44.00 216.00 260.00 OK
r-patched-linux-x86_64 1.2 12.10 123.09 135.19 OK
r-patched-solaris-x86 1.2 263.30 NOTE
r-release-linux-x86_64 1.2 9.93 122.35 132.28 OK
r-release-windows-ix86+x86_64 1.2 23.00 145.00 168.00 OK
r-release-osx-x86_64 1.2 ERROR
r-oldrel-windows-ix86+x86_64 1.2 15.00 128.00 143.00 OK
r-oldrel-osx-x86_64 1.2 ERROR

Check Details

Version: 1.2
Check: package dependencies
Result: WARN
    Imports includes 27 non-default packages.
    Importing from so many packages makes the package vulnerable to any of
    them becoming unavailable. Move as many as possible to Suggests and
    use conditionally.
    
    Requires orphaned packages:
     ‘gplots’ ‘tnet’
Flavor: r-devel-linux-x86_64-fedora-clang

Version: 1.2
Check: dependencies in R code
Result: NOTE
    Namespaces in Imports field not imported from:
     ‘Biobase’ ‘KernSmooth’ ‘Mfuzz’ ‘SelectBoost’ ‘animation’ ‘c060’
     ‘cluster’ ‘gplots’ ‘grid’ ‘jetset’
     All declared Imports should be used.
Flavors: r-devel-linux-x86_64-fedora-clang, r-devel-linux-x86_64-fedora-gcc, r-patched-solaris-x86

Version: 1.2
Check: package dependencies
Result: ERROR
    Packages required but not available: 'jetset', 'Mfuzz', 'WGCNA'
    
    See section ‘The DESCRIPTION file’ in the ‘Writing R Extensions’
    manual.
Flavor: r-release-osx-x86_64

Version: 1.2
Check: package dependencies
Result: ERROR
    Package required but not available: ‘Mfuzz’
    
    See section ‘The DESCRIPTION file’ in the ‘Writing R Extensions’
    manual.
Flavor: r-oldrel-osx-x86_64