CRAN Package Check Results for Package PeakSegJoint

Last updated on 2022-05-27 22:52:02 CEST.

Flavor Version Tinstall Tcheck Ttotal Status Flags
r-devel-linux-x86_64-debian-clang 2022.4.6 9.49 135.49 144.98 OK
r-devel-linux-x86_64-debian-gcc 2022.4.6 7.35 98.19 105.54 OK
r-devel-linux-x86_64-fedora-clang 2022.4.6 163.52 OK
r-devel-linux-x86_64-fedora-gcc 2022.4.6 163.56 OK
r-devel-windows-x86_64 2022.4.6 63.00 158.00 221.00 OK
r-patched-linux-x86_64 2022.4.6 10.01 125.81 135.82 OK
r-release-linux-x86_64 2022.4.6 7.64 123.51 131.15 OK
r-release-macos-arm64 2022.4.6 49.00 OK
r-release-macos-x86_64 2022.4.6 86.00 OK
r-release-windows-x86_64 2022.4.6 47.00 165.00 212.00 OK
r-oldrel-macos-arm64 2022.4.6 48.00 OK
r-oldrel-macos-x86_64 2022.4.6 73.00 OK
r-oldrel-windows-ix86+x86_64 2022.4.6 28.00 177.00 205.00 ERROR

Check Details

Version: 2022.4.6
Check: running examples for arch ‘x64’
Result: ERROR
    Running examples in 'PeakSegJoint-Ex.R' failed
    The error most likely occurred in:
    
    > ### Name: PeakSegJointError
    > ### Title: PeakSegJointError
    > ### Aliases: PeakSegJointError
    >
    > ### ** Examples
    >
    >
    > library(PeakSegJoint)
    > data(H3K36me3.TDH.other.chunk1, envir=environment())
    > lims <- c(43000000, 43200000) # left
    > some.counts <-
    + subset(H3K36me3.TDH.other.chunk1$counts,
    + lims[1] < chromEnd & chromStart < lims[2])
    > some.regions <-
    + subset(H3K36me3.TDH.other.chunk1$regions,
    + lims[1] < chromEnd & chromStart < lims[2])
    > fit <- PeakSegJointSeveral(some.counts)
Flavor: r-oldrel-windows-ix86+x86_64

Version: 2022.4.6
Check: running tests for arch ‘x64’
Result: ERROR
     Running 'testthat.R' [2s]
    Running the tests in 'tests/testthat.R' failed.
    Complete output:
     > library(testthat)
     > suite <- Sys.getenv("TEST_SUITE")
     > if(suite=="")suite <- NULL
     > test_check("PeakSegJoint", filter=suite)
     Loading required package: PeakSegJoint
Flavor: r-oldrel-windows-ix86+x86_64