CRAN Package Check Results for Package PenCoxFrail

Last updated on 2022-05-27 16:50:54 CEST.

Flavor Version Tinstall Tcheck Ttotal Status Flags
r-devel-linux-x86_64-debian-clang 1.0.1 35.18 81.93 117.11 OK
r-devel-linux-x86_64-debian-gcc 1.0.1 28.03 64.13 92.16 OK
r-devel-linux-x86_64-fedora-clang 1.0.1 156.18 NOTE
r-devel-linux-x86_64-fedora-gcc 1.0.1 147.44 NOTE
r-devel-windows-x86_64 1.0.1 47.00 118.00 165.00 OK
r-patched-linux-x86_64 1.0.1 34.30 80.13 114.43 OK
r-release-linux-x86_64 1.0.1 31.84 80.76 112.60 OK
r-release-macos-arm64 1.0.1 42.00 OK
r-release-macos-x86_64 1.0.1 55.00 OK
r-release-windows-x86_64 1.0.1 54.00 122.00 176.00 OK
r-oldrel-macos-arm64 1.0.1 44.00 OK
r-oldrel-macos-x86_64 1.0.1 70.00 OK
r-oldrel-windows-ix86+x86_64 1.0.1 89.00 126.00 215.00 OK

Check Details

Version: 1.0.1
Check: compiled code
Result: NOTE
    File ‘PenCoxFrail/libs/PenCoxFrail.so’:
     Found no calls to: ‘R_registerRoutines’, ‘R_useDynamicSymbols’
    
    It is good practice to register native routines and to disable symbol
    search.
    
    See ‘Writing portable packages’ in the ‘Writing R Extensions’ manual.
Flavors: r-devel-linux-x86_64-fedora-clang, r-devel-linux-x86_64-fedora-gcc