CRAN Package Check Results for Package PenIC

Last updated on 2023-12-01 12:52:29 CET.

Flavor Version Tinstall Tcheck Ttotal Status Flags
r-devel-linux-x86_64-debian-clang 1.0.0 7.99 69.00 76.99 NOTE
r-devel-linux-x86_64-debian-gcc 1.0.0 5.73 52.84 58.57 NOTE
r-devel-linux-x86_64-fedora-clang 1.0.0 94.25 NOTE
r-devel-linux-x86_64-fedora-gcc 1.0.0 90.04 NOTE
r-devel-windows-x86_64 1.0.0 7.00 75.00 82.00 NOTE
r-patched-linux-x86_64 1.0.0 7.35 66.32 73.67 NOTE
r-release-linux-x86_64 1.0.0 8.06 66.73 74.79 NOTE
r-release-macos-arm64 1.0.0 34.00 NOTE
r-release-macos-x86_64 1.0.0 50.00 NOTE
r-release-windows-x86_64 1.0.0 9.00 81.00 90.00 NOTE
r-oldrel-macos-arm64 1.0.0 29.00 NOTE
r-oldrel-macos-x86_64 1.0.0 43.00 NOTE
r-oldrel-windows-x86_64 1.0.0 9.00 86.00 95.00 NOTE

Check Details

Version: 1.0.0
Check: LazyData
Result: NOTE 'LazyData' is specified without a 'data' directory Flavors: r-devel-linux-x86_64-debian-clang, r-devel-linux-x86_64-debian-gcc, r-devel-linux-x86_64-fedora-clang, r-devel-linux-x86_64-fedora-gcc, r-devel-windows-x86_64, r-patched-linux-x86_64, r-release-linux-x86_64, r-release-macos-arm64, r-release-macos-x86_64, r-release-windows-x86_64, r-oldrel-macos-arm64, r-oldrel-macos-x86_64, r-oldrel-windows-x86_64