CRAN Package Check Results for Package PepPrep

Last updated on 2018-08-19 07:47:31 CEST.

Flavor Version Tinstall Tcheck Ttotal Status Flags
r-devel-linux-x86_64-debian-clang 1.1.0 10.77 120.48 131.25 NOTE
r-devel-linux-x86_64-debian-gcc 1.1.0 9.75 96.79 106.54 NOTE
r-devel-linux-x86_64-fedora-clang 1.1.0 151.55 NOTE
r-devel-linux-x86_64-fedora-gcc 1.1.0 148.15 NOTE
r-devel-windows-ix86+x86_64 1.1.0 25.00 171.00 196.00 NOTE
r-patched-linux-x86_64 1.1.0 7.10 95.34 102.44 NOTE
r-patched-solaris-x86 1.1.0 193.40 NOTE
r-release-linux-x86_64 1.1.0 7.55 96.42 103.97 NOTE
r-release-windows-ix86+x86_64 1.1.0 22.00 100.00 122.00 NOTE
r-release-osx-x86_64 1.1.0 NOTE
r-oldrel-windows-ix86+x86_64 1.1.0 15.00 136.00 151.00 NOTE
r-oldrel-osx-x86_64 1.1.0 NOTE

Check Details

Version: 1.1.0
Check: DESCRIPTION meta-information
Result: NOTE
    Malformed Title field: should not end in a period.
Flavors: r-devel-linux-x86_64-debian-clang, r-devel-linux-x86_64-debian-gcc, r-devel-linux-x86_64-fedora-clang, r-devel-linux-x86_64-fedora-gcc, r-devel-windows-ix86+x86_64, r-patched-linux-x86_64, r-patched-solaris-x86, r-release-linux-x86_64, r-release-windows-ix86+x86_64, r-release-osx-x86_64, r-oldrel-windows-ix86+x86_64, r-oldrel-osx-x86_64