CRAN Package Check Results for Package PepPrep

Last updated on 2018-02-25 23:50:34 CET.

Flavor Version Tinstall Tcheck Ttotal Status Flags
r-devel-linux-x86_64-debian-clang 1.1.0 6.56 85.12 91.68 NOTE
r-devel-linux-x86_64-debian-gcc 1.1.0 6.08 77.20 83.28 NOTE
r-devel-windows-ix86+x86_64 1.1.0 20.00 123.00 143.00 NOTE
r-patched-linux-x86_64 1.1.0 6.92 92.47 99.39 NOTE
r-patched-solaris-x86 1.1.0 161.30 NOTE
r-release-linux-x86_64 1.1.0 7.48 91.37 98.85 NOTE
r-release-windows-ix86+x86_64 1.1.0 13.00 135.00 148.00 NOTE
r-release-osx-x86_64 1.1.0 ERROR
r-oldrel-windows-ix86+x86_64 1.1.0 11.00 94.00 105.00 NOTE
r-oldrel-osx-x86_64 1.1.0 NOTE

Check Details

Version: 1.1.0
Check: DESCRIPTION meta-information
Result: NOTE
    Malformed Title field: should not end in a period.
Flavors: r-devel-linux-x86_64-debian-clang, r-devel-linux-x86_64-debian-gcc, r-devel-windows-ix86+x86_64, r-patched-linux-x86_64, r-patched-solaris-x86, r-release-linux-x86_64, r-release-windows-ix86+x86_64, r-oldrel-windows-ix86+x86_64, r-oldrel-osx-x86_64

Version: 1.1.0
Check: package dependencies
Result: ERROR
    Package required but not available: ‘biomaRt’
    
    See section ‘The DESCRIPTION file’ in the ‘Writing R Extensions’
    manual.
Flavor: r-release-osx-x86_64