CRAN Package Check Results for Package PepPrep

Last updated on 2018-05-26 14:46:42 CEST.

Flavor Version Tinstall Tcheck Ttotal Status Flags
r-devel-linux-x86_64-debian-clang 1.1.0 8.50 119.90 128.40 NOTE
r-devel-linux-x86_64-debian-gcc 1.1.0 8.86 92.74 101.60 NOTE
r-devel-linux-x86_64-fedora-clang 1.1.0 161.08 NOTE
r-devel-linux-x86_64-fedora-gcc 1.1.0 151.64 NOTE
r-devel-windows-ix86+x86_64 1.1.0 20.00 163.00 183.00 NOTE
r-patched-linux-x86_64 1.1.0 6.80 93.18 99.98 NOTE
r-patched-solaris-x86 1.1.0 183.80 NOTE
r-release-linux-x86_64 1.1.0 7.50 92.05 99.55 NOTE
r-release-windows-ix86+x86_64 1.1.0 20.00 104.00 124.00 NOTE
r-release-osx-x86_64 1.1.0 NOTE
r-oldrel-windows-ix86+x86_64 1.1.0 17.00 102.00 119.00 NOTE
r-oldrel-osx-x86_64 1.1.0 NOTE

Check Details

Version: 1.1.0
Check: DESCRIPTION meta-information
Result: NOTE
    Malformed Title field: should not end in a period.
Flavors: r-devel-linux-x86_64-debian-clang, r-devel-linux-x86_64-debian-gcc, r-devel-linux-x86_64-fedora-clang, r-devel-linux-x86_64-fedora-gcc, r-devel-windows-ix86+x86_64, r-patched-linux-x86_64, r-patched-solaris-x86, r-release-linux-x86_64, r-release-windows-ix86+x86_64, r-release-osx-x86_64, r-oldrel-windows-ix86+x86_64, r-oldrel-osx-x86_64