CRAN Package Check Results for Package PepPrep

Last updated on 2019-02-19 22:51:40 CET.

Flavor Version Tinstall Tcheck Ttotal Status Flags
r-devel-linux-x86_64-debian-clang 1.1.0 7.96 99.23 107.19 NOTE
r-devel-linux-x86_64-debian-gcc 1.1.0 7.82 77.94 85.76 NOTE
r-devel-linux-x86_64-fedora-clang 1.1.0 134.15 NOTE
r-devel-linux-x86_64-fedora-gcc 1.1.0 124.55 NOTE
r-devel-windows-ix86+x86_64 1.1.0 21.00 166.00 187.00 NOTE
r-patched-linux-x86_64 1.1.0 7.44 94.59 102.03 NOTE
r-patched-solaris-x86 1.1.0 188.30 NOTE
r-release-linux-x86_64 1.1.0 7.73 95.10 102.83 NOTE
r-release-windows-ix86+x86_64 1.1.0 13.00 119.00 132.00 NOTE
r-release-osx-x86_64 1.1.0 NOTE
r-oldrel-windows-ix86+x86_64 1.1.0 23.00 108.00 131.00 NOTE
r-oldrel-osx-x86_64 1.1.0 NOTE

Check Details

Version: 1.1.0
Check: DESCRIPTION meta-information
Result: NOTE
    Malformed Title field: should not end in a period.
Flavors: r-devel-linux-x86_64-debian-clang, r-devel-linux-x86_64-debian-gcc, r-devel-linux-x86_64-fedora-clang, r-devel-linux-x86_64-fedora-gcc, r-devel-windows-ix86+x86_64, r-patched-linux-x86_64, r-patched-solaris-x86, r-release-linux-x86_64, r-release-windows-ix86+x86_64, r-release-osx-x86_64, r-oldrel-windows-ix86+x86_64, r-oldrel-osx-x86_64