Last updated on 2022-05-26 16:54:42 CEST.
Flavor | Version | Tinstall | Tcheck | Ttotal | Status | Flags |
---|---|---|---|---|---|---|
r-devel-linux-x86_64-debian-clang | 1.13 | 22.58 | 44.72 | 67.30 | NOTE | |
r-devel-linux-x86_64-debian-gcc | 1.13 | 16.57 | 37.46 | 54.03 | NOTE | |
r-devel-linux-x86_64-fedora-clang | 1.13 | 95.39 | NOTE | |||
r-devel-linux-x86_64-fedora-gcc | 1.13 | 77.09 | NOTE | |||
r-devel-windows-x86_64 | 1.13 | 56.00 | 81.00 | 137.00 | OK | |
r-patched-linux-x86_64 | 1.13 | 17.21 | 42.63 | 59.84 | NOTE | |
r-release-linux-x86_64 | 1.13 | 15.84 | 42.04 | 57.88 | NOTE | |
r-release-macos-arm64 | 1.13 | 26.00 | OK | |||
r-release-macos-x86_64 | 1.13 | 37.00 | OK | |||
r-release-windows-x86_64 | 1.13 | 77.00 | 82.00 | 159.00 | OK | |
r-oldrel-macos-arm64 | 1.13 | 34.00 | OK | |||
r-oldrel-macos-x86_64 | 1.13 | 49.00 | OK | |||
r-oldrel-windows-ix86+x86_64 | 1.13 | 54.00 | 82.00 | 136.00 | OK |
Version: 1.13
Check: for non-standard things in the check directory
Result: NOTE
Found the following files/directories:
'permus_per_dist_4' 'permus_per_shape_bin_4_0'
'permus_per_shape_bin_4_1' 'permus_per_shape_bin_4_2'
'permus_per_shape_bin_4_3'
Flavors: r-devel-linux-x86_64-debian-clang, r-devel-linux-x86_64-debian-gcc, r-devel-linux-x86_64-fedora-clang, r-devel-linux-x86_64-fedora-gcc, r-patched-linux-x86_64, r-release-linux-x86_64