CRAN Package Check Results for Package PerformanceAnalytics

Last updated on 2018-09-22 04:52:21 CEST.

Flavor Version Tinstall Tcheck Ttotal Status Flags
r-devel-linux-x86_64-debian-clang 1.5.2 16.69 261.94 278.63 NOTE
r-devel-linux-x86_64-debian-gcc 1.5.2 15.33 201.97 217.30 NOTE
r-devel-linux-x86_64-fedora-clang 1.5.2 336.90 NOTE
r-devel-linux-x86_64-fedora-gcc 1.5.2 332.93 NOTE
r-devel-windows-ix86+x86_64 1.5.2 45.00 314.00 359.00 OK --no-vignettes
r-patched-linux-x86_64 1.5.2 18.77 253.39 272.16 NOTE
r-patched-solaris-x86 1.5.2 473.60 NOTE
r-release-linux-x86_64 1.5.2 16.29 257.10 273.39 NOTE
r-release-windows-ix86+x86_64 1.5.2 33.00 397.00 430.00 OK --no-vignettes
r-release-osx-x86_64 1.5.2 OK
r-oldrel-windows-ix86+x86_64 1.5.2 24.00 412.00 436.00 OK --no-vignettes
r-oldrel-osx-x86_64 1.5.2 OK

Check Details

Version: 1.5.2
Check: S3 generic/method consistency
Result: NOTE
    Found the following apparent S3 methods exported but not registered:
     mean.LCL mean.UCL mean.geometric mean.stderr
    See section ‘Registering S3 methods’ in the ‘Writing R Extensions’
    manual.
Flavors: r-devel-linux-x86_64-debian-clang, r-devel-linux-x86_64-debian-gcc, r-devel-linux-x86_64-fedora-clang, r-devel-linux-x86_64-fedora-gcc, r-patched-linux-x86_64, r-patched-solaris-x86, r-release-linux-x86_64