Last updated on 2021-03-05 21:49:43 CET.
Flavor | Version | Tinstall | Tcheck | Ttotal | Status | Flags |
---|---|---|---|---|---|---|
r-devel-linux-x86_64-debian-clang | 2.0.4 | 22.18 | 366.84 | 389.02 | OK | |
r-devel-linux-x86_64-debian-gcc | 2.0.4 | 19.21 | 270.67 | 289.88 | OK | |
r-devel-linux-x86_64-fedora-clang | 2.0.4 | 445.53 | NOTE | |||
r-devel-linux-x86_64-fedora-gcc | 2.0.4 | 392.45 | OK | |||
r-devel-windows-ix86+x86_64 | 2.0.4 | 46.00 | 361.00 | 407.00 | OK | --no-vignettes |
r-patched-linux-x86_64 | 2.0.4 | OK | ||||
r-patched-solaris-x86 | 2.0.4 | 665.80 | OK | |||
r-release-linux-x86_64 | 2.0.4 | 22.47 | 348.46 | 370.93 | OK | |
r-release-macos-x86_64 | 2.0.4 | OK | ||||
r-release-windows-ix86+x86_64 | 2.0.4 | 30.00 | 374.00 | 404.00 | OK | --no-vignettes |
r-oldrel-macos-x86_64 | 2.0.4 | OK | ||||
r-oldrel-windows-ix86+x86_64 | 2.0.4 | 31.00 | 257.00 | 288.00 | OK | --no-vignettes |
Version: 2.0.4
Check: Rd cross-references
Result: NOTE
Undeclared packages ‘timeSeries’, ‘tseries’, ‘car’, ‘gplots’ in Rd xrefs
Flavor: r-devel-linux-x86_64-fedora-clang