CRAN Package Check Results for Package PerformanceAnalytics

Last updated on 2018-12-17 15:49:40 CET.

Flavor Version Tinstall Tcheck Ttotal Status Flags
r-devel-linux-x86_64-debian-clang 1.5.2 19.25 4.08 23.33 ERROR
r-devel-linux-x86_64-debian-gcc 1.5.2 16.90 4.01 20.91 ERROR
r-devel-linux-x86_64-fedora-clang 1.5.2 335.38 NOTE
r-devel-linux-x86_64-fedora-gcc 1.5.2 321.66 NOTE
r-devel-windows-ix86+x86_64 1.5.2 49.00 265.00 314.00 OK --no-vignettes
r-patched-linux-x86_64 1.5.2 15.71 3.73 19.44 ERROR
r-patched-solaris-x86 1.5.2 488.80 NOTE
r-release-linux-x86_64 1.5.2 19.03 254.72 273.75 NOTE
r-release-windows-ix86+x86_64 1.5.2 34.00 275.00 309.00 OK --no-vignettes
r-release-osx-x86_64 1.5.2 OK
r-oldrel-windows-ix86+x86_64 1.5.2 31.00 404.00 435.00 OK --no-vignettes
r-oldrel-osx-x86_64 1.5.2 OK

Check Details

Version: 1.5.2
Check: whether the package can be loaded
Result: ERROR
    Loading this package had a fatal error status code 1
    Loading log:
    Loading required package: xts
    Loading required package: zoo
    Error: package or namespace load failed for ‘zoo’ in dyn.load(file, DLLpath = DLLpath, ...):
     unable to load shared object ‘/home/hornik/tmp/R.check/r-devel-clang/Work/build/Packages/lattice/libs/lattice.so’:
     /home/hornik/tmp/R.check/r-devel-clang/Work/build/Packages/lattice/libs/lattice.so: failed to map segment from shared object
    Error: package ‘zoo’ could not be loaded
    Execution halted
Flavor: r-devel-linux-x86_64-debian-clang

Version: 1.5.2
Check: whether the package can be loaded
Result: ERROR
    Loading this package had a fatal error status code 1
    Loading log:
    Loading required package: xts
    Loading required package: zoo
    Error: package or namespace load failed for ‘zoo’ in dyn.load(file, DLLpath = DLLpath, ...):
     unable to load shared object ‘/home/hornik/tmp/R.check/r-devel-gcc/Work/build/Packages/lattice/libs/lattice.so’:
     /home/hornik/tmp/R.check/r-devel-gcc/Work/build/Packages/lattice/libs/lattice.so: failed to map segment from shared object
    Error: package ‘zoo’ could not be loaded
    Execution halted
Flavor: r-devel-linux-x86_64-debian-gcc

Version: 1.5.2
Check: S3 generic/method consistency
Result: NOTE
    Found the following apparent S3 methods exported but not registered:
     mean.LCL mean.UCL mean.geometric mean.stderr
    See section ‘Registering S3 methods’ in the ‘Writing R Extensions’
    manual.
Flavors: r-devel-linux-x86_64-fedora-clang, r-devel-linux-x86_64-fedora-gcc, r-patched-solaris-x86, r-release-linux-x86_64

Version: 1.5.2
Check: whether the package can be loaded
Result: ERROR
    Loading this package had a fatal error status code 1
    Loading log:
    Loading required package: xts
    Loading required package: zoo
    Error: package or namespace load failed for ‘zoo’ in dyn.load(file, DLLpath = DLLpath, ...):
     unable to load shared object ‘/home/hornik/tmp/R.check/r-patched-gcc/Work/build/Packages/lattice/libs/lattice.so’:
     /home/hornik/tmp/R.check/r-patched-gcc/Work/build/Packages/lattice/libs/lattice.so: failed to map segment from shared object
    Error: package ‘zoo’ could not be loaded
    Execution halted
Flavor: r-patched-linux-x86_64