CRAN Package Check Results for Package PetfindeR

Last updated on 2024-02-28 02:58:12 CET.

Flavor Version Tinstall Tcheck Ttotal Status Flags
r-devel-linux-x86_64-debian-clang 2.1.0 3.46 26.44 29.90 NOTE
r-devel-linux-x86_64-debian-gcc 2.1.0 2.63 20.95 23.58 NOTE
r-devel-linux-x86_64-fedora-clang 2.1.0 37.27 NOTE
r-devel-linux-x86_64-fedora-gcc 2.1.0 46.98 NOTE
r-devel-windows-x86_64 2.1.0 3.00 44.00 47.00 NOTE
r-patched-linux-x86_64 2.1.0 2.48 25.46 27.94 NOTE
r-release-linux-x86_64 2.1.0 2.94 25.43 28.37 NOTE
r-release-macos-arm64 2.1.0 22.00 NOTE
r-release-macos-x86_64 2.1.0 32.00 NOTE
r-release-windows-x86_64 2.1.0 3.00 43.00 46.00 NOTE
r-oldrel-macos-arm64 2.1.0 20.00 NOTE
r-oldrel-windows-x86_64 2.1.0 5.00 49.00 54.00 NOTE

Check Details

Version: 2.1.0
Check: LazyData
Result: NOTE 'LazyData' is specified without a 'data' directory Flavors: r-devel-linux-x86_64-debian-clang, r-devel-linux-x86_64-debian-gcc, r-devel-linux-x86_64-fedora-clang, r-devel-linux-x86_64-fedora-gcc, r-devel-windows-x86_64, r-patched-linux-x86_64, r-release-linux-x86_64, r-release-macos-arm64, r-release-macos-x86_64, r-release-windows-x86_64, r-oldrel-macos-arm64, r-oldrel-windows-x86_64

Version: 2.1.0
Check: dependencies in R code
Result: NOTE Namespace in Imports field not imported from: ‘R6’ All declared Imports should be used. Flavors: r-devel-linux-x86_64-fedora-clang, r-devel-linux-x86_64-fedora-gcc