CRAN Package Check Results for Package PhySortR

Last updated on 2022-09-25 22:54:01 CEST.

Flavor Version Tinstall Tcheck Ttotal Status Flags
r-devel-linux-x86_64-debian-clang 1.0.8 9.27 90.62 99.89 NOTE
r-devel-linux-x86_64-debian-gcc 1.0.8 10.00 68.59 78.59 NOTE
r-devel-linux-x86_64-fedora-clang 1.0.8 136.87 NOTE
r-devel-linux-x86_64-fedora-gcc 1.0.8 134.30 NOTE
r-devel-windows-x86_64 1.0.8 17.00 110.00 127.00 NOTE
r-patched-linux-x86_64 1.0.8 14.89 87.57 102.46 NOTE
r-release-linux-x86_64 1.0.8 10.80 86.70 97.50 NOTE
r-release-macos-arm64 1.0.8 35.00 NOTE
r-release-macos-x86_64 1.0.8 50.00 NOTE
r-release-windows-x86_64 1.0.8 23.00 110.00 133.00 NOTE
r-oldrel-macos-arm64 1.0.8 43.00 NOTE
r-oldrel-macos-x86_64 1.0.8 71.00 NOTE
r-oldrel-windows-ix86+x86_64 1.0.8 24.00 109.00 133.00 NOTE

Check Details

Version: 1.0.8
Check: LazyData
Result: NOTE
     'LazyData' is specified without a 'data' directory
Flavors: r-devel-linux-x86_64-debian-clang, r-devel-linux-x86_64-debian-gcc, r-devel-linux-x86_64-fedora-clang, r-devel-linux-x86_64-fedora-gcc, r-devel-windows-x86_64, r-patched-linux-x86_64, r-release-linux-x86_64, r-release-macos-arm64, r-release-macos-x86_64, r-release-windows-x86_64, r-oldrel-macos-arm64, r-oldrel-macos-x86_64, r-oldrel-windows-ix86+x86_64