CRAN Package Check Results for Package PhylogeneticEM

Last updated on 2024-02-25 20:51:40 CET.

Flavor Version Tinstall Tcheck Ttotal Status Flags
r-devel-linux-x86_64-debian-clang 1.7.0 63.30 513.63 576.93 OK
r-devel-linux-x86_64-debian-gcc 1.7.0 50.52 411.91 462.43 OK
r-devel-linux-x86_64-fedora-clang 1.7.0 729.95 OK
r-devel-linux-x86_64-fedora-gcc 1.7.0 689.43 OK
r-devel-windows-x86_64 1.7.0 48.00 379.00 427.00 OK
r-patched-linux-x86_64 1.7.0 63.70 506.49 570.19 OK
r-release-linux-x86_64 1.7.0 61.73 501.11 562.84 OK
r-release-macos-arm64 1.7.0 179.00 NOTE
r-release-macos-x86_64 1.7.0 424.00 NOTE
r-release-windows-x86_64 1.7.0 63.00 498.00 561.00 OK
r-oldrel-macos-arm64 1.7.0 193.00 NOTE
r-oldrel-windows-x86_64 1.7.0 58.00 461.00 519.00 OK

Check Details

Version: 1.7.0
Check: installed package size
Result: NOTE installed size is 5.0Mb sub-directories of 1Mb or more: libs 3.5Mb Flavors: r-release-macos-arm64, r-release-macos-x86_64, r-oldrel-macos-arm64