CRAN Package Check Results for Package PivotalR

Last updated on 2019-01-24 09:49:47 CET.

Flavor Version Tinstall Tcheck Ttotal Status Flags
r-devel-linux-x86_64-debian-clang 0.1.18.3.1 24.35 127.10 151.45 OK
r-devel-linux-x86_64-debian-gcc 0.1.18.3.1 20.30 97.80 118.10 OK
r-devel-linux-x86_64-fedora-clang 0.1.18.3.1 183.85 NOTE
r-devel-linux-x86_64-fedora-gcc 0.1.18.3.1 173.78 NOTE
r-devel-windows-ix86+x86_64 0.1.18.3.1 51.00 233.00 284.00 OK
r-patched-linux-x86_64 0.1.18.3.1 20.81 119.10 139.91 OK
r-patched-solaris-x86 0.1.18.3.1 240.90 OK
r-release-linux-x86_64 0.1.18.3.1 22.97 118.32 141.29 OK
r-release-windows-ix86+x86_64 0.1.18.3.1 37.00 220.00 257.00 OK
r-release-osx-x86_64 0.1.18.3.1 OK
r-oldrel-windows-ix86+x86_64 0.1.18.3.1 30.00 181.00 211.00 OK
r-oldrel-osx-x86_64 0.1.18.3.1 OK

Check Details

Version: 0.1.18.3.1
Check: compiled code
Result: NOTE
    File ‘PivotalR/libs/PivotalR.so’:
     Found no calls to: ‘R_registerRoutines’, ‘R_useDynamicSymbols’
    
    It is good practice to register native routines and to disable symbol
    search.
    
    See ‘Writing portable packages’ in the ‘Writing R Extensions’ manual.
Flavors: r-devel-linux-x86_64-fedora-clang, r-devel-linux-x86_64-fedora-gcc