CRAN Package Check Results for Package PlackettLuce

Last updated on 2018-08-19 02:47:57 CEST.

Flavor Version Tinstall Tcheck Ttotal Status Flags
r-devel-linux-x86_64-debian-clang 0.2-3 7.74 149.46 157.20 OK
r-devel-linux-x86_64-debian-gcc 0.2-3 7.03 118.06 125.09 OK
r-devel-linux-x86_64-fedora-clang 0.2-3 186.42 OK
r-devel-linux-x86_64-fedora-gcc 0.2-3 178.89 OK
r-devel-windows-ix86+x86_64 0.2-3 18.00 205.00 223.00 OK
r-patched-linux-x86_64 0.2-3 7.51 134.13 141.64 OK
r-patched-solaris-x86 0.2-3 256.40 OK
r-release-linux-x86_64 0.2-3 6.18 133.93 140.11 OK
r-release-windows-ix86+x86_64 0.2-3 18.00 200.00 218.00 OK
r-release-osx-x86_64 0.2-3 NOTE
r-oldrel-windows-ix86+x86_64 0.2-3 10.00 181.00 191.00 OK
r-oldrel-osx-x86_64 0.2-3 NOTE

Check Details

Version: 0.2-3
Check: package dependencies
Result: NOTE
    Package suggested but not available for checking: ‘BiocStyle’
Flavors: r-release-osx-x86_64, r-oldrel-osx-x86_64