CRAN Package Check Results for Package PlackettLuce

Last updated on 2018-05-25 11:47:21 CEST.

Flavor Version Tinstall Tcheck Ttotal Status Flags
r-devel-linux-x86_64-debian-clang 0.2-3 7.58 138.71 146.29 OK
r-devel-linux-x86_64-debian-gcc 0.2-3 6.43 112.55 118.98 OK
r-devel-linux-x86_64-fedora-clang 0.2-3 197.52 OK
r-devel-linux-x86_64-fedora-gcc 0.2-3 182.44 OK
r-devel-windows-ix86+x86_64 0.2-3 11.00 147.00 158.00 OK
r-patched-linux-x86_64 0.2-3 5.71 132.29 138.00 OK
r-patched-solaris-x86 0.2-3 245.80 OK
r-release-linux-x86_64 0.2-3 6.53 135.92 142.45 OK
r-release-windows-ix86+x86_64 0.2-3 15.00 209.00 224.00 OK
r-release-osx-x86_64 0.2-3 NOTE
r-oldrel-windows-ix86+x86_64 0.2-3 13.00 230.00 243.00 OK
r-oldrel-osx-x86_64 0.2-3 NOTE

Check Details

Version: 0.2-3
Check: package dependencies
Result: NOTE
    Package suggested but not available for checking: ‘BiocStyle’
Flavors: r-release-osx-x86_64, r-oldrel-osx-x86_64