CRAN Package Check Results for Package PlackettLuce

Last updated on 2018-11-19 06:47:03 CET.

Flavor Version Tinstall Tcheck Ttotal Status Flags
r-devel-linux-x86_64-debian-clang OK
r-devel-linux-x86_64-debian-gcc 0.2-3 5.24 108.59 113.83 OK
r-devel-linux-x86_64-fedora-clang 0.2-3 175.46 OK
r-devel-linux-x86_64-fedora-gcc 0.2-3 167.56 OK
r-devel-windows-ix86+x86_64 0.2-3 16.00 194.00 210.00 OK
r-patched-linux-x86_64 0.2-3 5.43 134.51 139.94 OK
r-patched-solaris-x86 0.2-3 253.10 OK
r-release-linux-x86_64 0.2-3 5.49 136.59 142.08 OK
r-release-windows-ix86+x86_64 0.2-3 16.00 203.00 219.00 OK
r-release-osx-x86_64 0.2-3 NOTE
r-oldrel-windows-ix86+x86_64 0.2-3 13.00 194.00 207.00 OK
r-oldrel-osx-x86_64 0.2-3 NOTE

Check Details

Version: 0.2-3
Check: package dependencies
Result: NOTE
    Package suggested but not available for checking: ‘BiocStyle’
Flavors: r-release-osx-x86_64, r-oldrel-osx-x86_64