CRAN Package Check Results for Package PlackettLuce

Last updated on 2018-02-18 08:48:05 CET.

Flavor Version Tinstall Tcheck Ttotal Status Flags
r-devel-linux-x86_64-debian-clang 0.2-1 5.42 100.88 106.30 OK
r-devel-linux-x86_64-debian-gcc 0.2-1 5.59 79.06 84.65 OK
r-devel-linux-x86_64-fedora-clang 0.2-1 111.73 WARN
r-devel-linux-x86_64-fedora-gcc 0.2-1 109.66 WARN
r-devel-windows-ix86+x86_64 0.2-1 10.00 107.00 117.00 OK
r-patched-linux-x86_64 0.2-1 3.77 119.04 122.81 OK
r-patched-solaris-x86 0.2-1 208.40 OK
r-release-linux-x86_64 0.2-1 4.38 120.54 124.92 OK
r-release-windows-ix86+x86_64 0.2-1 13.00 177.00 190.00 OK
r-release-osx-x86_64 0.2-1 WARN
r-oldrel-windows-ix86+x86_64 0.2-1 7.00 153.00 160.00 WARN
r-oldrel-osx-x86_64 0.2-1 WARN

Check Details

Version: 0.2-1
Check: package dependencies
Result: NOTE
    Package suggested but not available for checking: ‘BiocStyle’
Flavors: r-devel-linux-x86_64-fedora-clang, r-devel-linux-x86_64-fedora-gcc, r-release-osx-x86_64

Version: 0.2-1
Check: re-building of vignette outputs
Result: WARN
    Error in re-building vignettes:
     ...
    Error: processing vignette 'Overview.Rmd' failed with diagnostics:
    there is no package called ‘BiocStyle’
    Execution halted
Flavors: r-devel-linux-x86_64-fedora-clang, r-devel-linux-x86_64-fedora-gcc

Version: 0.2-1
Check: re-building of vignette outputs
Result: WARN
    Error in re-building vignettes:
     ...
    Warning in engine$weave(file, quiet = quiet, encoding = enc) :
     Pandoc (>= 1.12.3) and/or pandoc-citeproc not available. Falling back to R Markdown v1.
    Quitting from lines 253-269 (Overview.Rmd)
    Error: processing vignette 'Overview.Rmd' failed with diagnostics:
    Please specify output format in your kable function. Currently generic markdown table using pandoc is not supported.
    Execution halted
Flavors: r-release-osx-x86_64, r-oldrel-osx-x86_64

Version: 0.2-1
Check: re-building of vignette outputs
Result: WARN
    Error in re-building vignettes:
     ...
    Error: processing vignette 'Overview.Rmd' failed with diagnostics:
    path for html_dependency not found:
    Execution halted
Flavor: r-oldrel-windows-ix86+x86_64