CRAN Package Check Results for Package PlackettLuce

Last updated on 2019-02-21 01:50:54 CET.

Flavor Version Tinstall Tcheck Ttotal Status Flags
r-devel-linux-x86_64-debian-clang 0.2-3 6.13 145.73 151.86 OK
r-devel-linux-x86_64-debian-gcc 0.2-3 5.44 108.49 113.93 OK
r-devel-linux-x86_64-fedora-clang 0.2-3 191.95 OK
r-devel-linux-x86_64-fedora-gcc 0.2-3 176.38 OK
r-devel-windows-ix86+x86_64 0.2-3 15.00 226.00 241.00 OK
r-patched-linux-x86_64 0.2-3 OK
r-patched-solaris-x86 0.2-3 267.70 OK
r-release-linux-x86_64 0.2-3 OK
r-release-windows-ix86+x86_64 0.2-3 10.00 217.00 227.00 OK
r-release-osx-x86_64 0.2-3 NOTE
r-oldrel-windows-ix86+x86_64 0.2-3 10.00 181.00 191.00 OK
r-oldrel-osx-x86_64 0.2-3 NOTE

Check Details

Version: 0.2-3
Check: package dependencies
Result: NOTE
    Package suggested but not available for checking: ‘BiocStyle’
Flavors: r-release-osx-x86_64, r-oldrel-osx-x86_64